CRAN Package Check Results for Package bootcluster

Last updated on 2019-01-19 00:46:18 CET.

Flavor Version Tinstall Tcheck Ttotal Status Flags
r-devel-linux-x86_64-debian-clang 0.1.0 3.96 65.23 69.19 OK
r-devel-linux-x86_64-debian-gcc 0.1.0 3.77 50.77 54.54 OK
r-devel-linux-x86_64-fedora-clang 0.1.0 83.20 OK
r-devel-linux-x86_64-fedora-gcc 0.1.0 78.62 OK
r-devel-windows-ix86+x86_64 0.1.0 10.00 107.00 117.00 OK
r-patched-linux-x86_64 0.1.0 3.46 61.84 65.30 NOTE
r-patched-solaris-x86 0.1.0 119.50 OK
r-release-linux-x86_64 0.1.0 4.51 61.69 66.20 NOTE
r-release-windows-ix86+x86_64 0.1.0 10.00 116.00 126.00 OK
r-release-osx-x86_64 0.1.0 OK
r-oldrel-windows-ix86+x86_64 0.1.0 11.00 78.00 89.00 OK
r-oldrel-osx-x86_64 0.1.0 OK

Check Details

Version: 0.1.0
Check: DESCRIPTION meta-information
Result: NOTE
    Dependence on R version ‘3.3.1’ not with patchlevel 0
Flavors: r-patched-linux-x86_64, r-release-linux-x86_64