Last updated on 2019-01-19 00:46:19 CET.
Flavor | Version | Tinstall | Tcheck | Ttotal | Status | Flags |
---|---|---|---|---|---|---|
r-devel-linux-x86_64-debian-clang | 1.1.2 | 5.14 | 61.01 | 66.15 | OK | |
r-devel-linux-x86_64-debian-gcc | 1.1.2 | 4.25 | 46.14 | 50.39 | OK | |
r-devel-linux-x86_64-fedora-clang | 1.1.2 | 76.58 | NOTE | |||
r-devel-linux-x86_64-fedora-gcc | 1.1.2 | 71.78 | NOTE | |||
r-devel-windows-ix86+x86_64 | 1.1.2 | 10.00 | 102.00 | 112.00 | OK | |
r-patched-linux-x86_64 | 1.1.2 | 3.91 | 57.33 | 61.24 | OK | |
r-patched-solaris-x86 | 1.1.2 | 102.60 | NOTE | |||
r-release-linux-x86_64 | 1.1.2 | 4.05 | 56.35 | 60.40 | OK | |
r-release-windows-ix86+x86_64 | 1.1.2 | 8.00 | 100.00 | 108.00 | OK | |
r-release-osx-x86_64 | 1.1.2 | NOTE | ||||
r-oldrel-windows-ix86+x86_64 | 1.1.2 | 7.00 | 81.00 | 88.00 | OK | |
r-oldrel-osx-x86_64 | 1.1.2 | NOTE |
Version: 1.1.2
Check: dependencies in R code
Result: NOTE
Namespace in Imports field not imported from: ‘rmarkdown’
All declared Imports should be used.
Flavors: r-devel-linux-x86_64-fedora-clang, r-devel-linux-x86_64-fedora-gcc, r-patched-solaris-x86, r-release-osx-x86_64, r-oldrel-osx-x86_64