CRAN Package Check Results for Package caTools

Last updated on 2019-01-19 00:46:18 CET.

Flavor Version Tinstall Tcheck Ttotal Status Flags
r-devel-linux-x86_64-debian-clang 1.17.1.1 5.50 32.01 37.51 NOTE
r-devel-linux-x86_64-debian-gcc 1.17.1.1 4.19 25.10 29.29 NOTE
r-devel-linux-x86_64-fedora-clang 1.17.1.1 44.01 NOTE
r-devel-linux-x86_64-fedora-gcc 1.17.1.1 40.84 NOTE
r-devel-windows-ix86+x86_64 1.17.1.1 28.00 86.00 114.00 NOTE
r-patched-linux-x86_64 1.17.1.1 3.78 29.43 33.21 NOTE
r-patched-solaris-x86 1.17.1.1 64.50 NOTE
r-release-linux-x86_64 1.17.1.1 4.54 29.55 34.09 NOTE
r-release-windows-ix86+x86_64 1.17.1.1 18.00 85.00 103.00 NOTE
r-release-osx-x86_64 1.17.1.1 NOTE
r-oldrel-windows-ix86+x86_64 1.17.1.1 17.00 57.00 74.00 NOTE
r-oldrel-osx-x86_64 1.17.1.1 NOTE

Additional issues

rchk

Check Details

Version: 1.17.1.1
Check: DESCRIPTION meta-information
Result: NOTE
    Malformed Title field: should not end in a period.
Flavors: r-devel-linux-x86_64-debian-clang, r-devel-linux-x86_64-debian-gcc, r-devel-linux-x86_64-fedora-clang, r-devel-linux-x86_64-fedora-gcc, r-devel-windows-ix86+x86_64, r-patched-linux-x86_64, r-patched-solaris-x86, r-release-linux-x86_64, r-release-windows-ix86+x86_64, r-release-osx-x86_64, r-oldrel-windows-ix86+x86_64, r-oldrel-osx-x86_64

Version: 1.17.1.1
Check: compiled code
Result: NOTE
    File ‘caTools/libs/caTools.so’:
     Found no calls to: ‘R_registerRoutines’, ‘R_useDynamicSymbols’
    
    It is good practice to register native routines and to disable symbol
    search.
    
    See ‘Writing portable packages’ in the ‘Writing R Extensions’ manual.
Flavors: r-devel-linux-x86_64-fedora-clang, r-devel-linux-x86_64-fedora-gcc