CRAN Package Check Results for Package caffsim

Last updated on 2019-01-19 00:46:18 CET.

Flavor Version Tinstall Tcheck Ttotal Status Flags
r-devel-linux-x86_64-debian-clang 0.2.2 5.10 74.77 79.87 OK
r-devel-linux-x86_64-debian-gcc 0.2.2 4.95 57.27 62.22 OK
r-devel-linux-x86_64-fedora-clang 0.2.2 93.52 NOTE
r-devel-linux-x86_64-fedora-gcc 0.2.2 85.99 NOTE
r-devel-windows-ix86+x86_64 0.2.2 16.00 117.00 133.00 OK
r-patched-linux-x86_64 0.2.2 5.71 70.28 75.99 NOTE
r-patched-solaris-x86 0.2.2 135.60 NOTE
r-release-linux-x86_64 0.2.2 5.92 69.52 75.44 NOTE
r-release-windows-ix86+x86_64 0.2.2 14.00 137.00 151.00 OK
r-release-osx-x86_64 0.2.2 NOTE
r-oldrel-windows-ix86+x86_64 0.2.2 18.00 124.00 142.00 OK
r-oldrel-osx-x86_64 0.2.2 NOTE

Check Details

Version: 0.2.2
Check: dependencies in R code
Result: NOTE
    Namespace in Imports field not imported from: ‘markdown’
     All declared Imports should be used.
Flavors: r-devel-linux-x86_64-fedora-clang, r-devel-linux-x86_64-fedora-gcc, r-patched-solaris-x86, r-release-osx-x86_64, r-oldrel-osx-x86_64

Version: 0.2.2
Check: DESCRIPTION meta-information
Result: NOTE
    Dependence on R version ‘3.3.2’ not with patchlevel 0
Flavors: r-patched-linux-x86_64, r-release-linux-x86_64