CRAN Package Check Results for Package caret

Last updated on 2019-01-19 00:46:18 CET.

Flavor Version Tinstall Tcheck Ttotal Status Flags
r-devel-linux-x86_64-debian-clang 6.0-81 26.90 446.38 473.28 OK
r-devel-linux-x86_64-debian-gcc 6.0-81 22.29 239.82 262.11 OK
r-devel-linux-x86_64-fedora-clang 6.0-81 447.21 NOTE
r-devel-linux-x86_64-fedora-gcc 6.0-81 377.08 OK
r-devel-windows-ix86+x86_64 6.0-81 56.00 468.00 524.00 NOTE --no-vignettes
r-patched-linux-x86_64 6.0-81 26.22 292.73 318.95 OK
r-patched-solaris-x86 6.0-81 471.80 NOTE
r-release-linux-x86_64 6.0-81 23.92 291.19 315.11 OK
r-release-windows-ix86+x86_64 6.0-81 59.00 473.00 532.00 NOTE --no-vignettes
r-release-osx-x86_64 6.0-81 NOTE
r-oldrel-windows-ix86+x86_64 6.0-81 36.00 328.00 364.00 NOTE --no-vignettes
r-oldrel-osx-x86_64 6.0-81 NOTE

Check Details

Version: 6.0-81
Check: installed package size
Result: NOTE
     installed size is 6.5Mb
     sub-directories of 1Mb or more:
     R 1.1Mb
     data 1.5Mb
     models 2.4Mb
Flavors: r-devel-linux-x86_64-fedora-clang, r-patched-solaris-x86, r-release-osx-x86_64, r-oldrel-osx-x86_64

Version: 6.0-81
Flags: --no-vignettes
Check: installed package size
Result: NOTE
     installed size is 6.4Mb
     sub-directories of 1Mb or more:
     R 1.1Mb
     data 1.5Mb
     models 2.4Mb
Flavors: r-devel-windows-ix86+x86_64, r-release-windows-ix86+x86_64, r-oldrel-windows-ix86+x86_64