Last updated on 2019-01-19 00:46:18 CET.
Flavor | Version | Tinstall | Tcheck | Ttotal | Status | Flags |
---|---|---|---|---|---|---|
r-devel-linux-x86_64-debian-clang | 1.2.1 | 1.31 | 115.69 | 117.00 | NOTE | |
r-devel-linux-x86_64-debian-gcc | 1.2.1 | 1.18 | 95.17 | 96.35 | NOTE | |
r-devel-linux-x86_64-fedora-clang | 1.2.1 | 155.95 | NOTE | |||
r-devel-linux-x86_64-fedora-gcc | 1.2.1 | 153.14 | NOTE | |||
r-devel-windows-ix86+x86_64 | 1.2.1 | 13.00 | 226.00 | 239.00 | OK | |
r-patched-linux-x86_64 | 1.2.1 | 0.99 | 103.93 | 104.92 | NOTE | |
r-patched-solaris-x86 | 1.2.1 | 174.10 | NOTE | |||
r-release-linux-x86_64 | 1.2.1 | 1.04 | 103.65 | 104.69 | NOTE | |
r-release-windows-ix86+x86_64 | 1.2.1 | 7.00 | 215.00 | 222.00 | OK | |
r-release-osx-x86_64 | 1.2.1 | OK | ||||
r-oldrel-windows-ix86+x86_64 | 1.2.1 | 10.00 | 77.00 | 87.00 | WARN | |
r-oldrel-osx-x86_64 | 1.2.1 | OK |
Version: 1.2.1
Check: package dependencies
Result: NOTE
Package suggested but not available for checking: ‘lqa’
Flavors: r-devel-linux-x86_64-debian-clang, r-devel-linux-x86_64-debian-gcc, r-devel-linux-x86_64-fedora-clang, r-devel-linux-x86_64-fedora-gcc, r-patched-linux-x86_64, r-patched-solaris-x86, r-release-linux-x86_64
Version: 1.2.1
Check: re-building of vignette outputs
Result: WARN
Error in re-building vignettes:
...
Warning: running command '"D:\compiler\texmf\miktex\bin\texify.exe" --quiet --pdf "loglinear-leukoplakia.tex" --max-iterations=20 -I "D:/RCompile/recent/R-3.4.4/share/texmf/tex/latex" -I "D:/RCompile/recent/R-3.4.4/share/texmf/bibtex/bst"' had status 1
Error in find_vignette_product(name, by = "texi2pdf", engine = engine) :
Failed to locate the 'texi2pdf' output file (by engine 'utils::Sweave') for vignette with name 'loglinear-leukoplakia'. The following files exist in directory '.': 'altbin-teratology.Rnw', 'altbin-teratology.aux', 'altbin-teratology.log', 'altbin-teratology.pdf', 'altbin-teratology.tex', 'binary-unemployment.Rnw', 'binary-unemployment.aux', 'binary-unemployment.log', 'binary-unemployment.pdf', 'binary-unemployment.tex', 'binary-vaso.Rnw', 'binary-vaso.aux', 'binary-vaso.log', 'binary-vaso.pdf', 'binary-vaso.tex', 'count-children.Rnw', 'count-children.aux', 'count-children.log', 'count-children.pdf', 'count-children.tex', 'count-encephalitis.Rnw', 'count-encephalitis.aux', 'count-encephalitis.log', 'count-encephalitis.pdf', 'count-encephalitis.tex', 'count-insolvency.Rnw', 'count-insolvency.aux', 'count-insolvency.log', 'count-insolvency.pdf', 'count-insolvency.tex', 'count-medcare.Rnw', 'count-medcare.aux', 'count-medcare.log', 'count-medcare.pdf', 'count-medcare.tex', 'disc_
Calls: buildVignettes -> find_vignette_product
Execution halted
Flavor: r-oldrel-windows-ix86+x86_64
Version: 1.2.1
Check: examples
Result: FAIL
Flavor: r-oldrel-osx-x86_64