Last updated on 2019-01-19 00:46:18 CET.
Flavor | Version | Tinstall | Tcheck | Ttotal | Status | Flags |
---|---|---|---|---|---|---|
r-devel-linux-x86_64-debian-clang | 0.1.3 | 3.12 | 49.20 | 52.32 | OK | |
r-devel-linux-x86_64-debian-gcc | 0.1.3 | 2.38 | 37.30 | 39.68 | OK | |
r-devel-linux-x86_64-fedora-clang | 0.1.3 | 62.11 | OK | |||
r-devel-linux-x86_64-fedora-gcc | 0.1.3 | 58.86 | OK | |||
r-devel-windows-ix86+x86_64 | 0.1.3 | 11.00 | 91.00 | 102.00 | OK | |
r-patched-linux-x86_64 | 0.1.3 | 0.38 | 1.91 | 2.29 | ERROR | |
r-release-linux-x86_64 | 0.1.3 | 0.36 | 1.94 | 2.30 | ERROR | |
r-release-windows-ix86+x86_64 | 0.1.3 | 10.00 | 102.00 | 112.00 | OK | |
r-release-osx-x86_64 | 0.1.3 | OK | ||||
r-oldrel-windows-ix86+x86_64 | 0.1.3 | 12.00 | 76.00 | 88.00 | OK | |
r-oldrel-osx-x86_64 | 0.1.3 | OK |
Version: 0.1.3
Check: package dependencies
Result: ERROR
Package required but not available: ‘bsts’
See section ‘The DESCRIPTION file’ in the ‘Writing R Extensions’
manual.
Flavors: r-patched-linux-x86_64, r-release-linux-x86_64