CRAN Package Check Results for Package chillR

Last updated on 2019-01-19 00:46:19 CET.

Flavor Version Tinstall Tcheck Ttotal Status Flags
r-devel-linux-x86_64-debian-clang 0.70.12 16.96 192.07 209.03 OK
r-devel-linux-x86_64-debian-gcc 0.70.12 13.66 143.03 156.69 OK
r-devel-linux-x86_64-fedora-clang 0.70.12 241.16 OK
r-devel-linux-x86_64-fedora-gcc 0.70.12 229.27 OK
r-devel-windows-ix86+x86_64 0.70.12 32.00 257.00 289.00 OK
r-patched-linux-x86_64 0.70.12 15.63 179.98 195.61 OK
r-patched-solaris-x86 0.70.12 298.70 ERROR
r-release-linux-x86_64 0.70.12 13.24 178.89 192.13 OK
r-release-windows-ix86+x86_64 0.70.12 30.00 264.00 294.00 OK
r-release-osx-x86_64 0.70.12 ERROR
r-oldrel-windows-ix86+x86_64 0.70.12 20.00 216.00 236.00 OK
r-oldrel-osx-x86_64 0.70.12 ERROR

Check Details

Version: 0.70.12
Check: examples
Result: ERROR
    Running examples in ‘chillR-Ex.R’ failed
    The error most likely occurred in:
    
    > ### Name: getClimateWizardData
    > ### Title: Extract climate data from the ClimateWizard database
    > ### Aliases: getClimateWizardData
    > ### Keywords: utility
    >
    > ### ** Examples
    >
    >
    > getClimateWizardData(coordinates=c(longitude=10.613975,latitude=34.933439),
    + scenario="historical",
    + start_year=1970,
    + end_year=2000,
    + metric=c("CD18","R02"),
    + GCMs=c("bcc-csm1-1","BNU-ESM"))
    Error in open.connection(con, "rb") :
     Timeout was reached: Resolving timed out after 10000 milliseconds
    Calls: getClimateWizardData ... parse_and_simplify -> parseJSON -> parse_con -> open -> open.connection
    Execution halted
Flavor: r-patched-solaris-x86

Version: 0.70.12
Check: examples
Result: ERROR
    Running examples in ‘chillR-Ex.R’ failed
    The error most likely occurred in:
    
    > ### Name: getClimateWizardData
    > ### Title: Extract climate data from the ClimateWizard database
    > ### Aliases: getClimateWizardData
    > ### Keywords: utility
    >
    > ### ** Examples
    >
    >
    > getClimateWizardData(coordinates=c(longitude=10.613975,latitude=34.933439),
    + scenario="historical",
    + start_year=1970,
    + end_year=2000,
    + metric=c("CD18","R02"),
    + GCMs=c("bcc-csm1-1","BNU-ESM"))
    Error in open.connection(con, "rb") :
     Timeout was reached: Connection timed out after 10007 milliseconds
    Calls: getClimateWizardData ... parse_and_simplify -> parseJSON -> parse_con -> open -> open.connection
    Execution halted
Flavors: r-release-osx-x86_64, r-oldrel-osx-x86_64