CRAN Package Check Results for Package cimir

Last updated on 2019-01-19 00:46:19 CET.

Flavor Version Tinstall Tcheck Ttotal Status Flags
r-devel-linux-x86_64-debian-clang 0.1-0 2.98 38.29 41.27 OK
r-devel-linux-x86_64-debian-gcc 0.1-0 2.29 29.19 31.48 OK
r-devel-linux-x86_64-fedora-clang 0.1-0 50.08 NOTE
r-devel-linux-x86_64-fedora-gcc 0.1-0 46.70 NOTE
r-devel-windows-ix86+x86_64 0.1-0 9.00 66.00 75.00 OK
r-patched-linux-x86_64 0.1-0 2.99 34.39 37.38 OK
r-patched-solaris-x86 0.1-0 81.60 NOTE
r-release-linux-x86_64 0.1-0 2.76 34.17 36.93 OK
r-release-windows-ix86+x86_64 0.1-0 8.00 71.00 79.00 OK
r-release-osx-x86_64 0.1-0 NOTE
r-oldrel-windows-ix86+x86_64 0.1-0 9.00 76.00 85.00 OK

Check Details

Version: 0.1-0
Check: dependencies in R code
Result: NOTE
    Namespace in Imports field not imported from: ‘readr’
     All declared Imports should be used.
Flavors: r-devel-linux-x86_64-fedora-clang, r-devel-linux-x86_64-fedora-gcc, r-patched-solaris-x86, r-release-osx-x86_64