Last updated on 2019-01-19 00:46:19 CET.
Flavor | Version | Tinstall | Tcheck | Ttotal | Status | Flags |
---|---|---|---|---|---|---|
r-devel-linux-x86_64-debian-clang | 1.9 | 9.77 | 83.37 | 93.14 | OK | |
r-devel-linux-x86_64-debian-gcc | 1.9 | 8.57 | 62.11 | 70.68 | OK | |
r-devel-linux-x86_64-fedora-clang | 1.9 | 106.73 | OK | |||
r-devel-linux-x86_64-fedora-gcc | 1.9 | 98.76 | OK | |||
r-devel-windows-ix86+x86_64 | 1.9 | 22.00 | 125.00 | 147.00 | WARN | |
r-patched-linux-x86_64 | 1.9 | 11.33 | 78.05 | 89.38 | OK | |
r-patched-solaris-x86 | 1.9 | 146.70 | OK | |||
r-release-linux-x86_64 | 1.9 | 11.33 | 75.73 | 87.06 | OK | |
r-release-windows-ix86+x86_64 | 1.9 | 22.00 | 126.00 | 148.00 | OK | |
r-release-osx-x86_64 | 1.9 | OK | ||||
r-oldrel-windows-ix86+x86_64 | 1.9 | 15.00 | 92.00 | 107.00 | OK | |
r-oldrel-osx-x86_64 | 1.8 | OK |
Version: 1.9
Check: whether package can be installed
Result: WARN
Found the following significant warnings:
Warning: S3 methods '[.fun_list', '[.grouped_df', 'all.equal.tbl_df', 'anti_join.data.frame', 'anti_join.tbl_df', 'arrange.data.frame', 'arrange.default', 'arrange.grouped_df', 'arrange.tbl_df', 'arrange_.data.frame', 'arrange_.tbl_df', 'as.data.frame.grouped_df', 'as.data.frame.rowwise_df', 'as.data.frame.tbl_cube', 'as.table.tbl_cube', 'as.tbl.data.frame', 'as.tbl.tbl', 'as.tbl_cube.array', 'as.tbl_cube.data.frame', 'as.tbl_cube.matrix', 'as.tbl_cube.table', 'as_tibble.grouped_df', 'as_tibble.tbl_cube', 'auto_copy.tbl_cube', 'auto_copy.tbl_df', 'cbind.grouped_df', 'collapse.data.frame', 'collect.data.frame', 'common_by.NULL', 'common_by.character', 'common_by.default', 'common_by.list', 'compute.data.frame', 'copy_to.DBIConnection', 'copy_to.src_local', 'default_missing.data.frame', 'default_missing.default', 'dim.tbl_cube', 'distinct.data.frame', 'distinct.default', 'distinct.grouped_df', 'distinct.tbl_df', 'distinct_.data.frame', 'distinct_.grouped_df', 'distinct_.tbl_df', 'do.NULL', 'do.da [... truncated]
Flavor: r-devel-windows-ix86+x86_64