CRAN Package Check Results for Package clues

Last updated on 2019-01-19 00:46:19 CET.

Flavor Version Tinstall Tcheck Ttotal Status Flags
r-devel-linux-x86_64-debian-clang 0.5.9 4.22 29.64 33.86 OK
r-devel-linux-x86_64-debian-gcc 0.5.9 2.79 22.64 25.43 OK
r-devel-linux-x86_64-fedora-clang 0.5.9 38.65 NOTE
r-devel-linux-x86_64-fedora-gcc 0.5.9 36.48 NOTE
r-devel-windows-ix86+x86_64 0.5.9 34.00 65.00 99.00 OK
r-patched-linux-x86_64 0.5.9 3.44 27.23 30.67 OK
r-patched-solaris-x86 0.5.9 53.50 OK
r-release-linux-x86_64 0.5.9 3.37 27.16 30.53 OK
r-release-windows-ix86+x86_64 0.5.9 18.00 68.00 86.00 OK
r-release-osx-x86_64 0.5.9 OK
r-oldrel-windows-ix86+x86_64 0.5.9 22.00 48.00 70.00 OK
r-oldrel-osx-x86_64 0.5.9 OK

Check Details

Version: 0.5.9
Check: compiled code
Result: NOTE
    File ‘clues/libs/clues.so’:
     Found no calls to: ‘R_registerRoutines’, ‘R_useDynamicSymbols’
    
    It is good practice to register native routines and to disable symbol
    search.
    
    See ‘Writing portable packages’ in the ‘Writing R Extensions’ manual.
Flavors: r-devel-linux-x86_64-fedora-clang, r-devel-linux-x86_64-fedora-gcc