Last updated on 2019-01-19 00:46:19 CET.
Flavor | Version | Tinstall | Tcheck | Ttotal | Status | Flags |
---|---|---|---|---|---|---|
r-devel-linux-x86_64-debian-clang | 1.0 | 11.63 | 77.56 | 89.19 | OK | |
r-devel-linux-x86_64-debian-gcc | 1.0 | 8.25 | 58.72 | 66.97 | OK | |
r-devel-linux-x86_64-fedora-clang | 1.0 | 100.82 | OK | |||
r-devel-linux-x86_64-fedora-gcc | 1.0 | 93.29 | OK | |||
r-devel-windows-ix86+x86_64 | 1.0 | 38.00 | 160.00 | 198.00 | OK | |
r-patched-linux-x86_64 | 1.0 | 6.96 | 70.75 | 77.71 | OK | |
r-patched-solaris-x86 | 1.0 | 150.40 | WARN | |||
r-release-linux-x86_64 | 1.0 | 7.87 | 70.34 | 78.21 | OK | |
r-release-windows-ix86+x86_64 | 1.0 | 31.00 | 116.00 | 147.00 | OK | |
r-release-osx-x86_64 | 1.0 | OK | ||||
r-oldrel-windows-ix86+x86_64 | 1.0 | 34.00 | 112.00 | 146.00 | OK | |
r-oldrel-osx-x86_64 | 1.0 | OK |
Version: 1.0
Check: whether package can be installed
Result: WARN
Found the following significant warnings:
"collapsed_lpcm.c", line 74: warning: improper pointer/integer combination: op ">"
Flavor: r-patched-solaris-x86