CRAN Package Check Results for Package colordistance

Last updated on 2019-01-19 00:46:19 CET.

Flavor Version Tinstall Tcheck Ttotal Status Flags
r-devel-linux-x86_64-debian-clang 1.1.0 2.97 122.96 125.93 OK
r-devel-linux-x86_64-debian-gcc 1.1.0 1.99 91.47 93.46 OK
r-devel-linux-x86_64-fedora-clang 1.1.0 155.52 NOTE
r-devel-linux-x86_64-fedora-gcc 1.1.0 140.49 NOTE
r-devel-windows-ix86+x86_64 1.1.0 8.00 169.00 177.00 OK
r-patched-linux-x86_64 1.1.0 2.87 144.53 147.40 OK
r-patched-solaris-x86 1.1.0 244.50 NOTE
r-release-linux-x86_64 1.1.0 2.94 144.12 147.06 OK
r-release-windows-ix86+x86_64 1.1.0 9.00 200.00 209.00 OK
r-release-osx-x86_64 1.1.0 NOTE
r-oldrel-windows-ix86+x86_64 1.1.0 8.00 248.00 256.00 OK
r-oldrel-osx-x86_64 1.0.0 NOTE

Check Details

Version: 1.1.0
Check: dependencies in R code
Result: NOTE
    Namespace in Imports field not imported from: ‘magrittr’
     All declared Imports should be used.
Flavors: r-devel-linux-x86_64-fedora-clang, r-devel-linux-x86_64-fedora-gcc, r-patched-solaris-x86, r-release-osx-x86_64

Version: 1.0.0
Check: dependencies in R code
Result: NOTE
    Namespace in Imports field not imported from: ‘magrittr’
     All declared Imports should be used.
Flavor: r-oldrel-osx-x86_64