CRAN Package Check Results for Package colorednoise

Last updated on 2019-01-19 00:46:19 CET.

Flavor Version Tinstall Tcheck Ttotal Status Flags
r-devel-linux-x86_64-debian-clang 1.0.3 34.15 337.89 372.04 NOTE
r-devel-linux-x86_64-debian-gcc 1.0.3 38.01 245.15 283.16 NOTE
r-devel-linux-x86_64-fedora-clang 1.0.3 437.51 NOTE
r-devel-linux-x86_64-fedora-gcc 1.0.3 424.83 NOTE
r-devel-windows-ix86+x86_64 1.0.3 98.00 482.00 580.00 OK
r-patched-linux-x86_64 1.0.3 43.15 311.92 355.07 OK
r-patched-solaris-x86 1.0.3 578.90 OK
r-release-linux-x86_64 1.0.3 44.01 315.68 359.69 OK
r-release-windows-ix86+x86_64 1.0.3 92.00 502.00 594.00 OK
r-release-osx-x86_64 1.0.3 OK
r-oldrel-windows-ix86+x86_64 1.0.3 104.00 502.00 606.00 OK
r-oldrel-osx-x86_64 1.0.3 OK

Check Details

Version: 1.0.3
Check: use of SHLIB_OPENMP_*FLAGS in Makefiles
Result: NOTE
     src/Makevars: SHLIB_OPENMP_CXXFLAGS is included in PKG_CXXFLAGS but not in PKG_LIBS
     src/Makevars: SHLIB_OPENMP_CFLAGS is included in PKG_LIBS but linking is by C++
     src/Makevars.win: SHLIB_OPENMP_CXXFLAGS is included in PKG_CXXFLAGS but not in PKG_LIBS
     src/Makevars.win: SHLIB_OPENMP_CFLAGS is included in PKG_LIBS but linking is by C++
    Use of these macros is discussed in sect 1.2.1.1 of ‘Writing R
    Extensions’. The macros for different languages may differ so the
    matching macro must be used in PKG_CXXFLAGS (etc) and match that used
    in PKG_LIBS (except for Fortran: see the manual).
Flavors: r-devel-linux-x86_64-debian-clang, r-devel-linux-x86_64-debian-gcc, r-devel-linux-x86_64-fedora-clang, r-devel-linux-x86_64-fedora-gcc