CRAN Package Check Results for Package concreg

Last updated on 2019-01-19 00:46:19 CET.

Flavor Version Tinstall Tcheck Ttotal Status Flags
r-devel-linux-x86_64-debian-clang 0.6 6.65 52.83 59.48 OK
r-devel-linux-x86_64-debian-gcc 0.6 4.80 41.11 45.91 OK
r-devel-linux-x86_64-fedora-clang 0.6 69.85 NOTE
r-devel-linux-x86_64-fedora-gcc 0.6 60.08 NOTE
r-devel-windows-ix86+x86_64 0.6 18.00 103.00 121.00 OK
r-patched-linux-x86_64 0.6 6.06 49.32 55.38 OK
r-patched-solaris-x86 0.6 106.80 OK
r-release-linux-x86_64 0.6 5.68 48.54 54.22 OK
r-release-windows-ix86+x86_64 0.6 16.00 100.00 116.00 OK
r-release-osx-x86_64 0.6 OK
r-oldrel-windows-ix86+x86_64 0.6 15.00 72.00 87.00 OK
r-oldrel-osx-x86_64 0.6 OK

Check Details

Version: 0.6
Check: compiled code
Result: NOTE
    File ‘concreg/libs/concreg.so’:
     Found no calls to: ‘R_registerRoutines’, ‘R_useDynamicSymbols’
    
    It is good practice to register native routines and to disable symbol
    search.
    
    See ‘Writing portable packages’ in the ‘Writing R Extensions’ manual.
Flavors: r-devel-linux-x86_64-fedora-clang, r-devel-linux-x86_64-fedora-gcc