CRAN Package Check Results for Package convevol

Last updated on 2019-01-19 00:46:20 CET.

Flavor Version Tinstall Tcheck Ttotal Status Flags
r-devel-linux-x86_64-debian-clang 1.3 4.80 69.22 74.02 OK
r-devel-linux-x86_64-debian-gcc 1.3 5.15 53.92 59.07 OK
r-devel-linux-x86_64-fedora-clang 1.3 90.06 OK
r-devel-linux-x86_64-fedora-gcc 1.3 83.78 OK
r-devel-windows-ix86+x86_64 1.3 12.00 119.00 131.00 OK
r-patched-linux-x86_64 1.3 6.06 65.48 71.54 OK
r-patched-solaris-x86 1.3 130.30 OK
r-release-linux-x86_64 1.3 4.17 63.96 68.13 OK
r-release-windows-ix86+x86_64 1.3 15.00 101.00 116.00 OK
r-release-osx-x86_64 1.3 OK
r-oldrel-windows-ix86+x86_64 1.2 8.00 74.00 82.00 OK
r-oldrel-osx-x86_64 1.3 ERROR

Check Details

Version: 1.3
Check: whether package can be installed
Result: ERROR
    Installation failed.
Flavor: r-oldrel-osx-x86_64