Last updated on 2019-01-19 00:46:20 CET.
Flavor | Version | Tinstall | Tcheck | Ttotal | Status | Flags |
---|---|---|---|---|---|---|
r-devel-linux-x86_64-debian-clang | 0.9.1 | 1.86 | 95.71 | 97.57 | OK | |
r-devel-linux-x86_64-debian-gcc | 0.9.1 | 1.28 | 68.45 | 69.73 | OK | |
r-devel-linux-x86_64-fedora-clang | 0.9.1 | 118.33 | NOTE | |||
r-devel-linux-x86_64-fedora-gcc | 0.9.1 | 106.08 | NOTE | |||
r-devel-windows-ix86+x86_64 | 0.9.1 | 5.00 | 124.00 | 129.00 | OK | |
r-patched-linux-x86_64 | 0.9.1 | 1.45 | 85.39 | 86.84 | OK | |
r-patched-solaris-x86 | 0.9.1 | 159.80 | NOTE | |||
r-release-linux-x86_64 | 0.9.1 | 1.60 | 82.58 | 84.18 | OK | |
r-release-windows-ix86+x86_64 | 0.9.1 | 5.00 | 125.00 | 130.00 | OK | |
r-release-osx-x86_64 | 0.9.1 | NOTE | ||||
r-oldrel-windows-ix86+x86_64 | 0.9.1 | 7.00 | 108.00 | 115.00 | OK | |
r-oldrel-osx-x86_64 | 0.9.0 | NOTE |
Version: 0.9.1
Check: dependencies in R code
Result: NOTE
Namespace in Imports field not imported from: ‘jpeg’
All declared Imports should be used.
Flavors: r-devel-linux-x86_64-fedora-clang, r-devel-linux-x86_64-fedora-gcc, r-patched-solaris-x86, r-release-osx-x86_64
Version: 0.9.0
Check: dependencies in R code
Result: NOTE
Namespace in Imports field not imported from: ‘jpeg’
All declared Imports should be used.
Flavor: r-oldrel-osx-x86_64