CRAN Package Check Results for Package countyfloods

Last updated on 2019-01-19 00:46:20 CET.

Flavor Version Tinstall Tcheck Ttotal Status Flags
r-devel-linux-x86_64-debian-clang 0.1.0 2.95 39.33 42.28 OK
r-devel-linux-x86_64-debian-gcc 0.1.0 2.56 30.05 32.61 OK
r-devel-linux-x86_64-fedora-clang 0.1.0 49.78 NOTE
r-devel-linux-x86_64-fedora-gcc 0.1.0 45.90 NOTE
r-devel-windows-ix86+x86_64 0.1.0 9.00 92.00 101.00 OK
r-patched-linux-x86_64 0.1.0 2.40 35.65 38.05 OK
r-patched-solaris-x86 0.1.0 70.70 NOTE
r-release-linux-x86_64 0.1.0 2.48 35.71 38.19 OK
r-release-windows-ix86+x86_64 0.1.0 10.00 75.00 85.00 OK
r-release-osx-x86_64 0.1.0 NOTE
r-oldrel-windows-ix86+x86_64 0.1.0 11.00 74.00 85.00 OK
r-oldrel-osx-x86_64 0.1.0 NOTE

Check Details

Version: 0.1.0
Check: dependencies in R code
Result: NOTE
    Namespace in Imports field not imported from: ‘maps’
     All declared Imports should be used.
Flavors: r-devel-linux-x86_64-fedora-clang, r-devel-linux-x86_64-fedora-gcc, r-patched-solaris-x86, r-release-osx-x86_64, r-oldrel-osx-x86_64