CRAN Package Check Results for Package cranly

Last updated on 2019-01-19 00:46:20 CET.

Flavor Version Tinstall Tcheck Ttotal Status Flags
r-devel-linux-x86_64-debian-clang 0.2 4.50 319.03 323.53 WARN
r-devel-linux-x86_64-debian-gcc 0.2 3.28 241.76 245.04 WARN
r-devel-linux-x86_64-fedora-clang 0.2 427.22 WARN
r-devel-linux-x86_64-fedora-gcc 0.2 145.86 WARN
r-devel-windows-ix86+x86_64 0.2 15.00 401.00 416.00 WARN
r-patched-linux-x86_64 0.2 3.94 377.42 381.36 OK
r-patched-solaris-x86 0.2 200.70 WARN
r-release-linux-x86_64 0.2 2.87 390.30 393.17 OK
r-release-windows-ix86+x86_64 0.2 13.00 583.00 596.00 NOTE
r-release-osx-x86_64 0.2 WARN
r-oldrel-windows-ix86+x86_64 0.2 13.00 650.00 663.00 NOTE
r-oldrel-osx-x86_64 0.2 WARN

Check Details

Version: 0.2
Check: re-building of vignette outputs
Result: WARN
    Error(s) in re-building vignettes:
     ...
    --- re-building ‘cranly.Rmd’ using rmarkdown
    --- finished re-building ‘cranly.Rmd’
    
    --- re-building ‘dependence_trees.Rmd’ using rmarkdown
    Quitting from lines 35-37 (dependence_trees.Rmd)
    Error: processing vignette 'dependence_trees.Rmd' failed with diagnostics:
    could not find function "clean_CRAN_db"
    --- failed re-building ‘dependence_trees.Rmd’
    
    --- re-building ‘glms.Rmd’ using rmarkdown
    --- finished re-building ‘glms.Rmd’
    
    SUMMARY: processing the following file failed:
     ‘dependence_trees.Rmd’
    
    Error: Vignette re-building failed.
    Execution halted
Flavors: r-devel-linux-x86_64-debian-clang, r-devel-linux-x86_64-debian-gcc

Version: 0.2
Check: installed package size
Result: NOTE
     installed size is 6.7Mb
     sub-directories of 1Mb or more:
     doc 6.5Mb
Flavors: r-devel-linux-x86_64-fedora-clang, r-devel-windows-ix86+x86_64, r-patched-solaris-x86, r-release-windows-ix86+x86_64, r-release-osx-x86_64, r-oldrel-windows-ix86+x86_64, r-oldrel-osx-x86_64

Version: 0.2
Check: re-building of vignette outputs
Result: WARN
    Error(s) in re-building vignettes:
    --- re-building ‘cranly.Rmd’ using rmarkdown
    --- finished re-building ‘cranly.Rmd’
    
    --- re-building ‘dependence_trees.Rmd’ using rmarkdown
    Quitting from lines 35-37 (dependence_trees.Rmd)
    Error: processing vignette 'dependence_trees.Rmd' failed with diagnostics:
    could not find function "clean_CRAN_db"
    --- failed re-building ‘dependence_trees.Rmd’
    
    --- re-building ‘glms.Rmd’ using rmarkdown
    --- finished re-building ‘glms.Rmd’
    
    SUMMARY: processing the following file failed:
     ‘dependence_trees.Rmd’
    
    Error: Vignette re-building failed.
    Execution halted
Flavors: r-devel-linux-x86_64-fedora-clang, r-devel-linux-x86_64-fedora-gcc, r-devel-windows-ix86+x86_64

Version: 0.2
Check: re-building of vignette outputs
Result: WARN
    Error in re-building vignettes:
     ...
    Warning in engine$weave(file, quiet = quiet, encoding = enc) :
     Pandoc (>= 1.12.3) and/or pandoc-citeproc not available. Falling back to R Markdown v1.
    Quitting from lines 77-78 (cranly.Rmd)
    Error: processing vignette 'cranly.Rmd' failed with diagnostics:
    there is no package called 'webshot'
    Execution halted
Flavor: r-patched-solaris-x86

Version: 0.2
Check: re-building of vignette outputs
Result: WARN
    Error in re-building vignettes:
     ...
    Warning in engine$weave(file, quiet = quiet, encoding = enc) :
     Pandoc (>= 1.12.3) and/or pandoc-citeproc not available. Falling back to R Markdown v1.
    Quitting from lines 77-78 (cranly.Rmd)
    Error: processing vignette 'cranly.Rmd' failed with diagnostics:
    cannot open the connection
    Execution halted
Flavors: r-release-osx-x86_64, r-oldrel-osx-x86_64