Last updated on 2019-01-19 00:46:20 CET.
Flavor | Version | Tinstall | Tcheck | Ttotal | Status | Flags |
---|---|---|---|---|---|---|
r-devel-linux-x86_64-debian-clang | 0.15-31 | 206.19 | 173.37 | 379.56 | OK | |
r-devel-linux-x86_64-debian-gcc | 0.15-31 | 229.48 | 135.04 | 364.52 | OK | |
r-devel-linux-x86_64-fedora-clang | 0.15-31 | 579.75 | NOTE | |||
r-devel-linux-x86_64-fedora-gcc | 0.15-31 | 531.66 | OK | |||
r-devel-windows-ix86+x86_64 | 0.15-31 | 525.00 | 217.00 | 742.00 | NOTE | --no-vignettes |
r-patched-linux-x86_64 | 0.15-31 | 273.57 | 160.00 | 433.57 | OK | |
r-patched-solaris-x86 | 0.15-31 | 603.70 | OK | |||
r-release-linux-x86_64 | 0.15-31 | 273.10 | 157.88 | 430.98 | OK | |
r-release-windows-ix86+x86_64 | 0.15-31 | 503.00 | 218.00 | 721.00 | NOTE | --no-vignettes |
r-release-osx-x86_64 | 0.15-31 | NOTE | ||||
r-oldrel-windows-ix86+x86_64 | 0.15-31 | 493.00 | 158.00 | 651.00 | NOTE | --no-vignettes |
r-oldrel-osx-x86_64 | 0.15-31 | NOTE |
Version: 0.15-31
Check: installed package size
Result: NOTE
installed size is 23.7Mb
sub-directories of 1Mb or more:
libs 22.0Mb
Flavors: r-devel-linux-x86_64-fedora-clang, r-release-osx-x86_64, r-oldrel-osx-x86_64
Version: 0.15-31
Flags: --no-vignettes
Check: installed package size
Result: NOTE
installed size is 7.6Mb
sub-directories of 1Mb or more:
libs 5.9Mb
Flavors: r-devel-windows-ix86+x86_64, r-release-windows-ix86+x86_64, r-oldrel-windows-ix86+x86_64