CRAN Package Check Results for Package crypto

Last updated on 2019-01-19 00:46:20 CET.

Flavor Version Tinstall Tcheck Ttotal Status Flags
r-devel-linux-x86_64-debian-clang 1.1.1 3.83 45.66 49.49 OK
r-devel-linux-x86_64-debian-gcc 1.1.1 3.57 34.43 38.00 OK
r-devel-linux-x86_64-fedora-clang 1.1.1 56.76 OK
r-devel-linux-x86_64-fedora-gcc 1.1.1 54.55 OK
r-devel-windows-ix86+x86_64 1.1.1 12.00 92.00 104.00 OK
r-patched-linux-x86_64 1.1.1 2.75 41.36 44.11 OK
r-release-linux-x86_64 1.1.1 3.90 40.95 44.85 OK
r-release-windows-ix86+x86_64 1.1.1 13.00 72.00 85.00 OK
r-release-osx-x86_64 1.1.1 OK
r-oldrel-windows-ix86+x86_64 1.1.1 11.00 58.00 69.00 OK
r-oldrel-osx-x86_64 1.1.0 ERROR

Check Details

Version: 1.1.0
Check: whether package can be installed
Result: ERROR
    Installation failed.
Flavor: r-oldrel-osx-x86_64