Last updated on 2019-01-19 00:46:20 CET.
Flavor | Version | Tinstall | Tcheck | Ttotal | Status | Flags |
---|---|---|---|---|---|---|
r-devel-linux-x86_64-debian-clang | 0.6 | 3.18 | 36.41 | 39.59 | OK | |
r-devel-linux-x86_64-debian-gcc | 0.6 | 2.35 | 28.88 | 31.23 | OK | |
r-devel-linux-x86_64-fedora-clang | 0.6 | 44.81 | NOTE | |||
r-devel-linux-x86_64-fedora-gcc | 0.6 | 42.21 | OK | |||
r-devel-windows-ix86+x86_64 | 0.6 | 12.00 | 85.00 | 97.00 | NOTE | |
r-patched-linux-x86_64 | 0.6 | 2.48 | 34.35 | 36.83 | OK | |
r-patched-solaris-x86 | 0.6 | 76.20 | NOTE | |||
r-release-linux-x86_64 | 0.6 | 2.82 | 33.76 | 36.58 | OK | |
r-release-windows-ix86+x86_64 | 0.6 | 11.00 | 67.00 | 78.00 | NOTE | |
r-release-osx-x86_64 | 0.6 | NOTE | ||||
r-oldrel-windows-ix86+x86_64 | 0.6 | 12.00 | 59.00 | 71.00 | NOTE | |
r-oldrel-osx-x86_64 | 0.6 | NOTE |
Version: 0.6
Check: installed package size
Result: NOTE
installed size is 7.9Mb
sub-directories of 1Mb or more:
shp 7.8Mb
Flavors: r-devel-linux-x86_64-fedora-clang, r-devel-windows-ix86+x86_64, r-patched-solaris-x86, r-release-windows-ix86+x86_64, r-release-osx-x86_64, r-oldrel-windows-ix86+x86_64, r-oldrel-osx-x86_64