CRAN Package Check Results for Package d3heatmap

Last updated on 2019-01-19 00:46:20 CET.

Flavor Version Tinstall Tcheck Ttotal Status Flags
r-devel-linux-x86_64-debian-clang 0.6.1.2 1.75 35.04 36.79 OK
r-devel-linux-x86_64-debian-gcc 0.6.1.2 1.56 26.89 28.45 OK
r-devel-linux-x86_64-fedora-clang 0.6.1.2 43.85 OK
r-devel-linux-x86_64-fedora-gcc 0.6.1.2 40.87 OK
r-devel-windows-ix86+x86_64 0.6.1.2 7.00 67.00 74.00 OK
r-patched-linux-x86_64 0.6.1.2 2.09 32.12 34.21 OK
r-patched-solaris-x86 0.6.1.2 61.00 WARN
r-release-linux-x86_64 0.6.1.2 1.85 31.66 33.51 OK
r-release-windows-ix86+x86_64 0.6.1.2 5.00 66.00 71.00 OK
r-release-osx-x86_64 0.6.1.2 WARN
r-oldrel-windows-ix86+x86_64 0.6.1.2 8.00 49.00 57.00 OK
r-oldrel-osx-x86_64 0.6.1.2 WARN

Check Details

Version: 0.6.1.2
Check: re-building of vignette outputs
Result: WARN
    Error in re-building vignettes:
     ...
    Warning in engine$weave(file, quiet = quiet, encoding = enc) :
     Pandoc (>= 1.12.3) and/or pandoc-citeproc not available. Falling back to R Markdown v1.
    Quitting from lines 27-38 (Introduction.Rmd)
    Error: processing vignette 'Introduction.Rmd' failed with diagnostics:
    there is no package called 'webshot'
    Execution halted
Flavor: r-patched-solaris-x86

Version: 0.6.1.2
Check: re-building of vignette outputs
Result: WARN
    Error in re-building vignettes:
     ...
    Warning in engine$weave(file, quiet = quiet, encoding = enc) :
     Pandoc (>= 1.12.3) and/or pandoc-citeproc not available. Falling back to R Markdown v1.
    Quitting from lines 27-38 (Introduction.Rmd)
    Error: processing vignette 'Introduction.Rmd' failed with diagnostics:
    cannot open the connection
    Execution halted
Flavors: r-release-osx-x86_64, r-oldrel-osx-x86_64