Last updated on 2019-01-19 00:46:22 CET.
Flavor | Version | Tinstall | Tcheck | Ttotal | Status | Flags |
---|---|---|---|---|---|---|
r-devel-linux-x86_64-debian-clang | 0.2.1 | 3.13 | 43.34 | 46.47 | NOTE | |
r-devel-linux-x86_64-debian-gcc | 0.2.1 | 2.38 | 33.45 | 35.83 | NOTE | |
r-devel-linux-x86_64-fedora-clang | 0.2.1 | 54.08 | NOTE | |||
r-devel-linux-x86_64-fedora-gcc | 0.2.1 | 50.41 | NOTE | |||
r-devel-windows-ix86+x86_64 | 0.2.1 | 11.00 | 88.00 | 99.00 | NOTE | |
r-patched-linux-x86_64 | 0.2.1 | 2.57 | 39.64 | 42.21 | NOTE | |
r-patched-solaris-x86 | 0.2.1 | 81.60 | NOTE | |||
r-release-linux-x86_64 | 0.2.1 | 2.72 | 39.13 | 41.85 | NOTE | |
r-release-windows-ix86+x86_64 | 0.2.1 | 9.00 | 79.00 | 88.00 | NOTE | |
r-release-osx-x86_64 | 0.2.1 | NOTE | ||||
r-oldrel-windows-ix86+x86_64 | 0.2.1 | 8.00 | 83.00 | 91.00 | NOTE | |
r-oldrel-osx-x86_64 | 0.2.1 | NOTE |
Version: 0.2.1
Check: R code for possible problems
Result: NOTE
simulate_dataframe : generate_dumb_answer: no visible global function
definition for ‘rbinom’
simulate_dataframe : generate_dumb_answer: no visible global function
definition for ‘rnorm’
simulate_dataframe : generate_initial: no visible global function
definition for ‘rbinom’
simulate_dataframe: no visible binding for global variable ‘randu’
simulate_dataframe: no visible global function definition for ‘rbinom’
simulate_dataframe: no visible global function definition for ‘rnorm’
simulate_dataframe: no visible global function definition for ‘rpois’
simulate_dataframe : add_NAs: no visible global function definition for
‘rbinom’
Undefined global functions or variables:
randu rbinom rnorm rpois
Consider adding
importFrom("datasets", "randu")
importFrom("stats", "rbinom", "rnorm", "rpois")
to your NAMESPACE file.
Flavors: r-devel-linux-x86_64-debian-clang, r-devel-linux-x86_64-debian-gcc, r-devel-linux-x86_64-fedora-clang, r-devel-linux-x86_64-fedora-gcc, r-devel-windows-ix86+x86_64, r-patched-linux-x86_64, r-patched-solaris-x86, r-release-linux-x86_64, r-release-windows-ix86+x86_64, r-release-osx-x86_64, r-oldrel-windows-ix86+x86_64, r-oldrel-osx-x86_64