Last updated on 2019-01-19 00:46:22 CET.
Flavor | Version | Tinstall | Tcheck | Ttotal | Status | Flags |
---|---|---|---|---|---|---|
r-devel-linux-x86_64-debian-clang | 0.2.15 | 9.84 | 501.73 | 511.57 | OK | |
r-devel-linux-x86_64-debian-gcc | 0.2.15 | 8.20 | 733.91 | 742.11 | OK | |
r-devel-linux-x86_64-fedora-clang | 0.2.15 | 409.99 | OK | |||
r-devel-linux-x86_64-fedora-gcc | 0.2.15 | 462.19 | OK | |||
r-devel-windows-ix86+x86_64 | 0.2.15 | 21.00 | 374.00 | 395.00 | WARN | |
r-patched-linux-x86_64 | 0.2.15 | 11.71 | 553.19 | 564.90 | OK | |
r-patched-solaris-x86 | 0.2.15 | 369.50 | OK | |||
r-release-linux-x86_64 | 0.2.15 | 10.18 | 571.67 | 581.85 | OK | |
r-release-windows-ix86+x86_64 | 0.2.15 | 26.00 | 372.00 | 398.00 | OK | |
r-release-osx-x86_64 | 0.2.15 | OK | ||||
r-oldrel-windows-ix86+x86_64 | 0.2.15 | 16.00 | 365.00 | 381.00 | OK | |
r-oldrel-osx-x86_64 | 0.2.15 | OK |
Version: 0.2.15
Check: whether package can be installed
Result: WARN
Found the following significant warnings:
Warning: S3 methods '[.fun_list', '[.grouped_df', 'all.equal.tbl_df', 'anti_join.data.frame', 'anti_join.tbl_df', 'arrange.data.frame', 'arrange.default', 'arrange.grouped_df', 'arrange.tbl_df', 'arrange_.data.frame', 'arrange_.tbl_df', 'as.data.frame.grouped_df', 'as.data.frame.rowwise_df', 'as.data.frame.tbl_cube', 'as.table.tbl_cube', 'as.tbl.data.frame', 'as.tbl.tbl', 'as.tbl_cube.array', 'as.tbl_cube.data.frame', 'as.tbl_cube.matrix', 'as.tbl_cube.table', 'as_tibble.grouped_df', 'as_tibble.tbl_cube', 'auto_copy.tbl_cube', 'auto_copy.tbl_df', 'cbind.grouped_df', 'collapse.data.frame', 'collect.data.frame', 'common_by.NULL', 'common_by.character', 'common_by.default', 'common_by.list', 'compute.data.frame', 'copy_to.DBIConnection', 'copy_to.src_local', 'default_missing.data.frame', 'default_missing.default', 'dim.tbl_cube', 'distinct.data.frame', 'distinct.default', 'distinct.grouped_df', 'distinct.tbl_df', 'distinct_.data.frame', 'distinct_.grouped_df', 'distinct_.tbl_df', 'do.NULL', 'do.da [... truncated]
Flavor: r-devel-windows-ix86+x86_64