Last updated on 2019-01-19 00:46:22 CET.
Flavor | Version | Tinstall | Tcheck | Ttotal | Status | Flags |
---|---|---|---|---|---|---|
r-devel-linux-x86_64-debian-clang | 0.1.14 | 27.38 | 94.30 | 121.68 | OK | |
r-devel-linux-x86_64-debian-gcc | 0.1.14 | 23.23 | 69.72 | 92.95 | OK | |
r-devel-linux-x86_64-fedora-clang | 0.1.14 | 155.36 | NOTE | |||
r-devel-linux-x86_64-fedora-gcc | 0.1.14 | 140.03 | NOTE | |||
r-devel-windows-ix86+x86_64 | 0.1.14 | 68.00 | 232.00 | 300.00 | OK | |
r-patched-linux-x86_64 | 0.1.14 | 31.30 | 85.00 | 116.30 | OK | |
r-patched-solaris-x86 | 0.1.14 | 263.70 | OK | |||
r-release-linux-x86_64 | 0.1.14 | 29.57 | 85.22 | 114.79 | OK | |
r-release-windows-ix86+x86_64 | 0.1.14 | 66.00 | 244.00 | 310.00 | OK | |
r-release-osx-x86_64 | 0.1.14 | OK | ||||
r-oldrel-windows-ix86+x86_64 | 0.1.14 | 68.00 | 167.00 | 235.00 | OK | |
r-oldrel-osx-x86_64 | 0.1.14 | OK |
Version: 0.1.14
Check: compiled code
Result: NOTE
File ‘diffrprojects/libs/diffrprojects.so’:
Found no calls to: ‘R_registerRoutines’, ‘R_useDynamicSymbols’
It is good practice to register native routines and to disable symbol
search.
See ‘Writing portable packages’ in the ‘Writing R Extensions’ manual.
Flavors: r-devel-linux-x86_64-fedora-clang, r-devel-linux-x86_64-fedora-gcc