Last updated on 2019-01-19 00:46:23 CET.
Flavor | Version | Tinstall | Tcheck | Ttotal | Status | Flags |
---|---|---|---|---|---|---|
r-devel-linux-x86_64-debian-clang | 1.0.16 | 1.12 | 20.97 | 22.09 | NOTE | |
r-devel-linux-x86_64-debian-gcc | 1.0.16 | 0.99 | 17.46 | 18.45 | NOTE | |
r-devel-linux-x86_64-fedora-clang | 1.0.16 | 26.20 | OK | |||
r-devel-linux-x86_64-fedora-gcc | 1.0.16 | 24.62 | OK | |||
r-devel-windows-ix86+x86_64 | 1.0.16 | 4.00 | 53.00 | 57.00 | OK | |
r-patched-linux-x86_64 | 1.0.16 | 0.76 | 19.92 | 20.68 | NOTE | |
r-patched-solaris-x86 | 1.0.16 | 40.00 | OK | |||
r-release-linux-x86_64 | 1.0.16 | 0.85 | 19.36 | 20.21 | NOTE | |
r-release-windows-ix86+x86_64 | 1.0.16 | 4.00 | 61.00 | 65.00 | OK | |
r-release-osx-x86_64 | 1.0.16 | OK | ||||
r-oldrel-windows-ix86+x86_64 | 1.0.16 | 4.00 | 33.00 | 37.00 | OK | |
r-oldrel-osx-x86_64 | 1.0.16 | OK |
Version: 1.0.16
Check: R code for possible problems
Result: NOTE
Found the following calls to attach():
File ‘doSNOW/R/doSNOW.R’:
attach(exportEnv)
See section ‘Good practice’ in ‘?attach’.
Flavors: r-devel-linux-x86_64-debian-clang, r-devel-linux-x86_64-debian-gcc, r-patched-linux-x86_64, r-release-linux-x86_64