Last updated on 2019-01-19 00:46:23 CET.
Flavor | Version | Tinstall | Tcheck | Ttotal | Status | Flags |
---|---|---|---|---|---|---|
r-devel-linux-x86_64-debian-clang | 0.5.2 | 3.47 | 23.39 | 26.86 | OK | |
r-devel-linux-x86_64-debian-gcc | 0.5.2 | 2.87 | 18.86 | 21.73 | OK | |
r-devel-linux-x86_64-fedora-clang | 0.5.2 | 31.77 | NOTE | |||
r-devel-linux-x86_64-fedora-gcc | 0.5.2 | 29.84 | NOTE | |||
r-devel-windows-ix86+x86_64 | 0.5.2 | 10.00 | 55.00 | 65.00 | OK | |
r-patched-linux-x86_64 | 0.5.2 | 3.44 | 22.23 | 25.67 | OK | |
r-patched-solaris-x86 | 0.5.2 | 47.80 | NOTE | |||
r-release-linux-x86_64 | 0.5.2 | 2.61 | 21.68 | 24.29 | OK | |
r-release-windows-ix86+x86_64 | 0.5.2 | 9.00 | 56.00 | 65.00 | OK | |
r-release-osx-x86_64 | 0.5.2 | NOTE | ||||
r-oldrel-windows-ix86+x86_64 | 0.5.2 | 8.00 | 50.00 | 58.00 | OK | |
r-oldrel-osx-x86_64 | 0.5.2 | NOTE |
Version: 0.5.2
Check: data for non-ASCII characters
Result: NOTE
Note: found 4891 marked UTF-8 strings
Flavors: r-devel-linux-x86_64-fedora-clang, r-devel-linux-x86_64-fedora-gcc, r-patched-solaris-x86, r-release-osx-x86_64, r-oldrel-osx-x86_64