CRAN Package Check Results for Package dynatopmodel

Last updated on 2019-01-19 00:46:23 CET.

Flavor Version Tinstall Tcheck Ttotal Status Flags
r-devel-linux-x86_64-debian-clang 1.2.1 11.76 100.08 111.84 OK
r-devel-linux-x86_64-debian-gcc 1.2.1 11.88 80.01 91.89 OK
r-devel-linux-x86_64-fedora-clang 1.2.1 133.80 NOTE
r-devel-linux-x86_64-fedora-gcc 1.2.1 126.84 NOTE
r-devel-windows-ix86+x86_64 1.2.1 26.00 138.00 164.00 OK
r-patched-linux-x86_64 1.2.1 12.95 95.13 108.08 OK
r-patched-solaris-x86 1.2.1 214.70 NOTE
r-release-linux-x86_64 1.2.1 12.97 92.93 105.90 OK
r-release-windows-ix86+x86_64 1.2.1 23.00 145.00 168.00 OK
r-release-osx-x86_64 1.2.1 NOTE
r-oldrel-windows-ix86+x86_64 1.2.1 22.00 110.00 132.00 OK
r-oldrel-osx-x86_64 1.2.1 NOTE

Check Details

Version: 1.2.1
Check: dependencies in R code
Result: NOTE
    Namespaces in Imports field not imported from:
     ‘maptools’ ‘tools’
     All declared Imports should be used.
Flavors: r-devel-linux-x86_64-fedora-clang, r-devel-linux-x86_64-fedora-gcc, r-patched-solaris-x86, r-release-osx-x86_64, r-oldrel-osx-x86_64