CRAN Package Check Results for Package dynfrail

Last updated on 2019-01-19 00:46:23 CET.

Flavor Version Tinstall Tcheck Ttotal Status Flags
r-devel-linux-x86_64-debian-clang 0.5.2 27.68 232.57 260.25 NOTE
r-devel-linux-x86_64-debian-gcc 0.5.2 26.75 174.70 201.45 NOTE
r-devel-linux-x86_64-fedora-clang 0.5.2 334.45 NOTE
r-devel-linux-x86_64-fedora-gcc 0.5.2 321.49 NOTE
r-devel-windows-ix86+x86_64 0.5.2 68.00 377.00 445.00 OK
r-patched-linux-x86_64 0.5.2 29.65 223.36 253.01 OK
r-patched-solaris-x86 0.5.2 482.50 OK
r-release-linux-x86_64 0.5.2 30.09 222.37 252.46 OK
r-release-windows-ix86+x86_64 0.5.2 69.00 379.00 448.00 OK
r-release-osx-x86_64 0.5.2 OK
r-oldrel-windows-ix86+x86_64 0.5.2 77.00 333.00 410.00 OK
r-oldrel-osx-x86_64 0.5.2 OK

Check Details

Version: 0.5.2
Check: use of SHLIB_OPENMP_*FLAGS in Makefiles
Result: NOTE
     src/Makevars: SHLIB_OPENMP_CXXFLAGS is included in PKG_CXXFLAGS but not in PKG_LIBS
     src/Makevars: SHLIB_OPENMP_CFLAGS is included in PKG_LIBS but linking is by C++
     src/Makevars.win: SHLIB_OPENMP_CXXFLAGS is included in PKG_CXXFLAGS but not in PKG_LIBS
     src/Makevars.win: SHLIB_OPENMP_CFLAGS is included in PKG_LIBS but linking is by C++
    Use of these macros is discussed in sect 1.2.1.1 of ‘Writing R
    Extensions’. The macros for different languages may differ so the
    matching macro must be used in PKG_CXXFLAGS (etc) and match that used
    in PKG_LIBS (except for Fortran: see the manual).
Flavors: r-devel-linux-x86_64-debian-clang, r-devel-linux-x86_64-debian-gcc, r-devel-linux-x86_64-fedora-clang, r-devel-linux-x86_64-fedora-gcc