Last updated on 2019-01-19 00:46:23 CET.
Flavor | Version | Tinstall | Tcheck | Ttotal | Status | Flags |
---|---|---|---|---|---|---|
r-devel-linux-x86_64-debian-clang | 0.1.81 | 9.58 | 94.10 | 103.68 | OK | |
r-devel-linux-x86_64-debian-gcc | 0.1.81 | 7.60 | 72.40 | 80.00 | OK | |
r-devel-linux-x86_64-fedora-clang | 0.1.81 | 122.82 | NOTE | |||
r-devel-linux-x86_64-fedora-gcc | 0.1.81 | 114.86 | NOTE | |||
r-devel-windows-ix86+x86_64 | 0.1.81 | 19.00 | 159.00 | 178.00 | OK | |
r-patched-linux-x86_64 | 0.1.81 | 9.90 | 87.63 | 97.53 | OK | |
r-patched-solaris-x86 | 0.1.81 | 190.90 | NOTE | |||
r-release-linux-x86_64 | 0.1.81 | 9.60 | 86.70 | 96.30 | OK | |
r-release-windows-ix86+x86_64 | 0.1.81 | 18.00 | 150.00 | 168.00 | OK | |
r-release-osx-x86_64 | 0.1.81 | NOTE | ||||
r-oldrel-osx-x86_64 | 0.1.81 | ERROR |
Version: 0.1.81
Check: dependencies in R code
Result: NOTE
Namespace in Imports field not imported from: ‘tnet’
All declared Imports should be used.
Flavors: r-devel-linux-x86_64-fedora-clang, r-devel-linux-x86_64-fedora-gcc, r-patched-solaris-x86, r-release-osx-x86_64
Version: 0.1.81
Check: whether package can be installed
Result: ERROR
Installation failed.
Flavor: r-oldrel-osx-x86_64