CRAN Package Check Results for Package ems

Last updated on 2019-01-19 00:46:23 CET.

Flavor Version Tinstall Tcheck Ttotal Status Flags
r-devel-linux-x86_64-debian-clang 1.2.1 6.53 42.45 48.98 OK
r-devel-linux-x86_64-debian-gcc 1.2.1 4.82 32.10 36.92 OK
r-devel-linux-x86_64-fedora-clang 1.2.1 57.55 NOTE
r-devel-linux-x86_64-fedora-gcc 1.2.1 53.84 NOTE
r-devel-windows-ix86+x86_64 1.2.1 8.00 45.00 53.00 OK
r-patched-linux-x86_64 1.2.1 5.78 39.75 45.53 OK
r-patched-solaris-x86 1.2.1 77.20 NOTE
r-release-linux-x86_64 1.2.1 5.83 38.52 44.35 OK
r-release-windows-ix86+x86_64 1.2.1 10.00 43.00 53.00 OK
r-release-osx-x86_64 1.2.1 NOTE
r-oldrel-windows-ix86+x86_64 1.2.1 3.00 53.00 56.00 OK
r-oldrel-osx-x86_64 1.2.1 NOTE

Check Details

Version: 1.2.1
Check: data for non-ASCII characters
Result: NOTE
     Note: found 23639 marked Latin-1 strings
Flavors: r-devel-linux-x86_64-fedora-clang, r-devel-linux-x86_64-fedora-gcc, r-patched-solaris-x86, r-release-osx-x86_64, r-oldrel-osx-x86_64