Last updated on 2019-01-19 00:46:24 CET.
Flavor | Version | Tinstall | Tcheck | Ttotal | Status | Flags |
---|---|---|---|---|---|---|
r-devel-linux-x86_64-debian-clang | 0.6-2 | 4.99 | 41.93 | 46.92 | OK | |
r-devel-linux-x86_64-debian-gcc | 0.6-2 | 4.23 | 32.19 | 36.42 | OK | |
r-devel-linux-x86_64-fedora-clang | 0.6-2 | 57.36 | OK | |||
r-devel-linux-x86_64-fedora-gcc | 0.6-2 | 52.69 | OK | |||
r-devel-windows-ix86+x86_64 | 0.6-2 | 11.00 | 72.00 | 83.00 | OK | |
r-patched-linux-x86_64 | 0.6-1 | 3.90 | 40.14 | 44.04 | NOTE | |
r-patched-solaris-x86 | 0.6-2 | 82.20 | OK | |||
r-release-linux-x86_64 | 0.6-1 | 4.88 | 39.09 | 43.97 | NOTE | |
r-release-windows-ix86+x86_64 | 0.6-2 | 9.00 | 57.00 | 66.00 | OK | |
r-release-osx-x86_64 | 0.6-2 | OK | ||||
r-oldrel-windows-ix86+x86_64 | 0.6-1 | 10.00 | 52.00 | 62.00 | OK | |
r-oldrel-osx-x86_64 | 0.6-1 | OK |
Version: 0.6-1
Check: DESCRIPTION meta-information
Result: NOTE
Dependence on R version ‘3.3.2’ not with patchlevel 0
Flavors: r-patched-linux-x86_64, r-release-linux-x86_64