CRAN Package Check Results for Package epos

Last updated on 2019-01-19 00:46:24 CET.

Flavor Version Tinstall Tcheck Ttotal Status Flags
r-devel-linux-x86_64-debian-clang 0.1.0 7.72 98.50 106.22 OK
r-devel-linux-x86_64-debian-gcc 0.1.0 5.52 74.04 79.56 OK
r-devel-linux-x86_64-fedora-clang 0.1.0 122.46 NOTE
r-devel-linux-x86_64-fedora-gcc 0.1.0 113.82 NOTE
r-devel-windows-ix86+x86_64 0.1.0 19.00 154.00 173.00 OK
r-patched-linux-x86_64 0.1.0 5.95 89.60 95.55 OK
r-patched-solaris-x86 0.1.0 184.50 NOTE
r-release-linux-x86_64 0.1.0 5.85 88.60 94.45 OK
r-release-windows-ix86+x86_64 0.1.0 22.00 158.00 180.00 OK
r-release-osx-x86_64 0.1.0 NOTE
r-oldrel-windows-ix86+x86_64 0.1.0 25.00 107.00 132.00 OK
r-oldrel-osx-x86_64 0.1.0 NOTE

Check Details

Version: 0.1.0
Check: dependencies in R code
Result: NOTE
    Namespaces in Imports field not imported from:
     ‘dplyr’ ‘testthat’ ‘tidyr’
     All declared Imports should be used.
Flavors: r-devel-linux-x86_64-fedora-clang, r-devel-linux-x86_64-fedora-gcc, r-patched-solaris-x86, r-release-osx-x86_64, r-oldrel-osx-x86_64