Last updated on 2019-01-19 00:46:24 CET.
Flavor | Version | Tinstall | Tcheck | Ttotal | Status | Flags |
---|---|---|---|---|---|---|
r-devel-linux-x86_64-debian-clang | 0.3.7 | 3.07 | 59.56 | 62.63 | OK | |
r-devel-linux-x86_64-debian-gcc | 0.3.7 | 2.57 | 45.81 | 48.38 | OK | |
r-devel-linux-x86_64-fedora-clang | 0.3.7 | 73.30 | OK | |||
r-devel-linux-x86_64-fedora-gcc | 0.3.7 | 68.35 | OK | |||
r-devel-windows-ix86+x86_64 | 0.3.7 | 9.00 | 111.00 | 120.00 | OK | |
r-patched-linux-x86_64 | 0.3.7 | 3.82 | 52.82 | 56.64 | OK | |
r-patched-solaris-x86 | 0.3.7 | 108.20 | NOTE | |||
r-release-linux-x86_64 | 0.3.7 | 3.05 | 52.09 | 55.14 | OK | |
r-release-windows-ix86+x86_64 | 0.3.7 | 12.00 | 111.00 | 123.00 | OK | |
r-release-osx-x86_64 | 0.3.7 | OK | ||||
r-oldrel-windows-ix86+x86_64 | 0.3.7 | 14.00 | 112.00 | 126.00 | OK | |
r-oldrel-osx-x86_64 | 0.3.7 | OK |
Version: 0.3.7
Check: package dependencies
Result: NOTE
Package suggested but not available for checking: ‘MonetDBLite’
Flavor: r-patched-solaris-x86