CRAN Package Check Results for Package exams

Last updated on 2019-01-19 00:46:24 CET.

Flavor Version Tinstall Tcheck Ttotal Status Flags
r-devel-linux-x86_64-debian-clang 2.3-2 11.96 149.11 161.07 NOTE
r-devel-linux-x86_64-debian-gcc 2.3-2 10.91 118.10 129.01 NOTE
r-devel-linux-x86_64-fedora-clang 2.3-2 205.97 NOTE
r-devel-linux-x86_64-fedora-gcc 2.3-2 196.07 OK
r-devel-windows-ix86+x86_64 2.3-2 31.00 491.00 522.00 OK
r-patched-linux-x86_64 2.3-2 11.43 141.64 153.07 NOTE
r-patched-solaris-x86 2.3-2 287.40 OK
r-release-linux-x86_64 2.3-2 9.80 140.55 150.35 NOTE
r-release-windows-ix86+x86_64 2.3-2 20.00 476.00 496.00 OK
r-release-osx-x86_64 2.3-2 OK
r-oldrel-windows-ix86+x86_64 2.3-2 8.00 390.00 398.00 OK
r-oldrel-osx-x86_64 2.3-2 OK

Check Details

Version: 2.3-2
Check: R code for possible problems
Result: NOTE
    Found the following assignments to the global environment:
    File ‘exams/R/xexams.R’:
     assign(".xweave_svg_grdevice", .xweave_svg_grdevice, envir = .GlobalEnv)
Flavors: r-devel-linux-x86_64-debian-clang, r-devel-linux-x86_64-debian-gcc, r-devel-linux-x86_64-fedora-clang, r-patched-linux-x86_64, r-release-linux-x86_64