CRAN Package Check Results for Package face

Last updated on 2019-01-19 00:46:24 CET.

Flavor Version Tinstall Tcheck Ttotal Status Flags
r-devel-linux-x86_64-debian-clang 0.1-4 5.48 58.83 64.31 OK
r-devel-linux-x86_64-debian-gcc 0.1-4 4.24 47.18 51.42 OK
r-devel-linux-x86_64-fedora-clang 0.1-4 76.85 NOTE
r-devel-linux-x86_64-fedora-gcc 0.1-4 72.66 NOTE
r-devel-windows-ix86+x86_64 0.1-4 11.00 93.00 104.00 OK
r-patched-linux-x86_64 0.1-4 5.36 56.38 61.74 OK
r-patched-solaris-x86 0.1-4 118.60 NOTE
r-release-linux-x86_64 0.1-4 5.37 55.14 60.51 OK
r-release-windows-ix86+x86_64 0.1-4 10.00 88.00 98.00 OK
r-release-osx-x86_64 0.1-4 NOTE
r-oldrel-windows-ix86+x86_64 0.1-4 10.00 73.00 83.00 OK
r-oldrel-osx-x86_64 0.1-4 NOTE

Check Details

Version: 0.1-4
Check: dependencies in R code
Result: NOTE
    Namespace in Imports field not imported from: ‘refund’
     All declared Imports should be used.
Flavors: r-devel-linux-x86_64-fedora-clang, r-devel-linux-x86_64-fedora-gcc, r-patched-solaris-x86, r-release-osx-x86_64, r-oldrel-osx-x86_64