CRAN Package Check Results for Package fragilityindex

Last updated on 2019-01-19 00:46:25 CET.

Flavor Version Tinstall Tcheck Ttotal Status Flags
r-devel-linux-x86_64-debian-clang 0.1.0 4.49 76.22 80.71 OK
r-devel-linux-x86_64-debian-gcc 0.1.0 3.27 59.40 62.67 OK
r-devel-linux-x86_64-fedora-clang 0.1.0 93.92 NOTE
r-devel-linux-x86_64-fedora-gcc 0.1.0 88.28 NOTE
r-devel-windows-ix86+x86_64 0.1.0 9.00 109.00 118.00 OK
r-patched-linux-x86_64 0.1.0 4.36 70.88 75.24 OK
r-patched-solaris-x86 0.1.0 133.40 NOTE
r-release-linux-x86_64 0.1.0 3.80 70.25 74.05 OK
r-release-windows-ix86+x86_64 0.1.0 9.00 110.00 119.00 OK
r-release-osx-x86_64 0.1.0 NOTE
r-oldrel-windows-ix86+x86_64 0.1.0 9.00 78.00 87.00 OK
r-oldrel-osx-x86_64 0.1.0 NOTE

Check Details

Version: 0.1.0
Check: dependencies in R code
Result: NOTE
    Namespaces in Imports field not imported from:
     ‘base’ ‘pbapply’ ‘stringr’
     All declared Imports should be used.
Flavors: r-devel-linux-x86_64-fedora-clang, r-devel-linux-x86_64-fedora-gcc, r-patched-solaris-x86, r-release-osx-x86_64, r-oldrel-osx-x86_64