Last updated on 2019-01-19 00:46:26 CET.
Flavor | Version | Tinstall | Tcheck | Ttotal | Status | Flags |
---|---|---|---|---|---|---|
r-devel-linux-x86_64-debian-clang | 1.1.0 | 9.32 | 77.07 | 86.39 | OK | |
r-devel-linux-x86_64-debian-gcc | 1.1.0 | 8.02 | 58.64 | 66.66 | OK | |
r-devel-linux-x86_64-fedora-clang | 1.1.0 | 108.90 | OK | |||
r-devel-linux-x86_64-fedora-gcc | 1.1.0 | 96.20 | OK | |||
r-devel-windows-ix86+x86_64 | 1.1.0 | 24.00 | 146.00 | 170.00 | OK | |
r-patched-linux-x86_64 | 1.1.0 | 9.57 | 69.62 | 79.19 | OK | |
r-patched-solaris-x86 | 1.1.0 | 145.70 | NOTE | |||
r-release-linux-x86_64 | 1.1.0 | 8.97 | 68.69 | 77.66 | OK | |
r-release-windows-ix86+x86_64 | 1.1.0 | 26.00 | 135.00 | 161.00 | OK | |
r-release-osx-x86_64 | 1.1.0 | OK | ||||
r-oldrel-windows-ix86+x86_64 | 1.1.0 | 24.00 | 125.00 | 149.00 | OK | |
r-oldrel-osx-x86_64 | 1.1.0 | OK |
Version: 1.1.0
Check: installed package size
Result: NOTE
installed size is 5.4Mb
sub-directories of 1Mb or more:
examples 4.6Mb
Flavor: r-patched-solaris-x86