CRAN Package Check Results for Package gee

Last updated on 2019-01-19 00:46:26 CET.

Flavor Version Tinstall Tcheck Ttotal Status Flags
r-devel-linux-x86_64-debian-clang 4.13-19 7.76 20.62 28.38 NOTE
r-devel-linux-x86_64-debian-gcc 4.13-19 2.33 16.43 18.76 NOTE
r-devel-linux-x86_64-fedora-clang 4.13-19 36.31 NOTE
r-devel-linux-x86_64-fedora-gcc 4.13-19 26.78 NOTE
r-devel-windows-ix86+x86_64 4.13-19 16.00 61.00 77.00 OK
r-patched-linux-x86_64 4.13-19 2.84 18.77 21.61 NOTE
r-patched-solaris-x86 4.13-19 43.00 OK
r-release-linux-x86_64 4.13-19 2.57 18.88 21.45 NOTE
r-release-windows-ix86+x86_64 4.13-19 12.00 52.00 64.00 OK
r-release-osx-x86_64 4.13-19 OK
r-oldrel-windows-ix86+x86_64 4.13-19 14.00 41.00 55.00 OK
r-oldrel-osx-x86_64 4.13-19 OK

Check Details

Version: 4.13-19
Check: top-level files
Result: NOTE
    Non-standard files/directories found at top level:
     ‘README.too’ ‘blurb’
Flavors: r-devel-linux-x86_64-debian-clang, r-devel-linux-x86_64-debian-gcc, r-devel-linux-x86_64-fedora-clang, r-devel-linux-x86_64-fedora-gcc, r-patched-linux-x86_64, r-release-linux-x86_64