Last updated on 2019-01-19 00:46:26 CET.
Flavor | Version | Tinstall | Tcheck | Ttotal | Status | Flags |
---|---|---|---|---|---|---|
r-devel-linux-x86_64-debian-clang | 1.3.3 | 2.23 | 28.54 | 30.77 | OK | |
r-devel-linux-x86_64-debian-gcc | 1.3.3 | 1.68 | 22.71 | 24.39 | OK | |
r-devel-linux-x86_64-fedora-clang | 1.3.3 | 35.95 | OK | |||
r-devel-linux-x86_64-fedora-gcc | 1.3.3 | 34.38 | OK | |||
r-devel-windows-ix86+x86_64 | 1.3.3 | 5.00 | 61.00 | 66.00 | OK | |
r-patched-linux-x86_64 | 1.3.3 | 1.72 | 26.58 | 28.30 | NOTE | |
r-patched-solaris-x86 | 1.3.3 | 55.50 | OK | |||
r-release-linux-x86_64 | 1.3.3 | 2.01 | 26.51 | 28.52 | NOTE | |
r-release-windows-ix86+x86_64 | 1.3.3 | 4.00 | 52.00 | 56.00 | OK | |
r-release-osx-x86_64 | 1.3.3 | OK | ||||
r-oldrel-windows-ix86+x86_64 | 1.3.3 | 5.00 | 60.00 | 65.00 | OK | |
r-oldrel-osx-x86_64 | 1.3.3 | OK |
Version: 1.3.3
Check: DESCRIPTION meta-information
Result: NOTE
Dependence on R version ‘3.3.1’ not with patchlevel 0
Flavors: r-patched-linux-x86_64, r-release-linux-x86_64