Last updated on 2019-01-19 00:46:26 CET.
Flavor | Version | Tinstall | Tcheck | Ttotal | Status | Flags |
---|---|---|---|---|---|---|
r-devel-linux-x86_64-debian-clang | 1.0-4 | 2.12 | 18.54 | 20.66 | NOTE | |
r-devel-linux-x86_64-debian-gcc | 1.0-4 | 1.86 | 15.62 | 17.48 | NOTE | |
r-devel-linux-x86_64-fedora-clang | 1.0-4 | 23.97 | NOTE | |||
r-devel-linux-x86_64-fedora-gcc | 1.0-4 | 23.64 | NOTE | |||
r-devel-windows-ix86+x86_64 | 1.0-4 | 7.00 | 39.00 | 46.00 | NOTE | |
r-patched-linux-x86_64 | 1.0-4 | 2.72 | 17.67 | 20.39 | NOTE | |
r-patched-solaris-x86 | 1.0-4 | 39.70 | NOTE | |||
r-release-linux-x86_64 | 1.0-4 | 2.92 | 17.71 | 20.63 | NOTE | |
r-release-windows-ix86+x86_64 | 1.0-4 | 6.00 | 44.00 | 50.00 | NOTE | |
r-release-osx-x86_64 | 1.0-4 | NOTE | ||||
r-oldrel-windows-ix86+x86_64 | 1.0-4 | 6.00 | 30.00 | 36.00 | NOTE | |
r-oldrel-osx-x86_64 | 1.0-4 | NOTE |
Version: 1.0-4
Check: DESCRIPTION meta-information
Result: NOTE
Malformed Description field: should contain one or more complete sentences.
Flavors: r-devel-linux-x86_64-debian-clang, r-devel-linux-x86_64-debian-gcc, r-devel-linux-x86_64-fedora-clang, r-devel-linux-x86_64-fedora-gcc, r-devel-windows-ix86+x86_64, r-patched-linux-x86_64, r-patched-solaris-x86, r-release-linux-x86_64, r-release-windows-ix86+x86_64, r-release-osx-x86_64, r-oldrel-windows-ix86+x86_64, r-oldrel-osx-x86_64
Version: 1.0-4
Check: Rd line widths
Result: NOTE
Rd file 'fujitopo.Rd':
\examples lines wider than 100 characters:
PLOC=list(LON=range(fujitopo$lon), x=range(fujitopo$lon), LAT=range(fujitopo$lat), y=range(fujitopo$lat))
These lines will be truncated in the PDF manual.
Flavors: r-devel-linux-x86_64-debian-clang, r-devel-linux-x86_64-debian-gcc, r-devel-linux-x86_64-fedora-clang, r-devel-linux-x86_64-fedora-gcc, r-patched-linux-x86_64, r-release-linux-x86_64
Version: 1.0-4
Check: installed package size
Result: NOTE
installed size is 26.1Mb
sub-directories of 1Mb or more:
data 26.0Mb
Flavors: r-devel-linux-x86_64-fedora-clang, r-devel-windows-ix86+x86_64, r-patched-solaris-x86, r-release-windows-ix86+x86_64, r-release-osx-x86_64, r-oldrel-windows-ix86+x86_64, r-oldrel-osx-x86_64