CRAN Package Check Results for Package ggimage

Last updated on 2019-01-19 00:46:27 CET.

Flavor Version Tinstall Tcheck Ttotal Status Flags
r-devel-linux-x86_64-debian-clang 0.2.1 3.17 56.09 59.26 OK
r-devel-linux-x86_64-debian-gcc 0.2.1 2.41 43.18 45.59 OK
r-devel-linux-x86_64-fedora-clang 0.2.1 40.31 OK
r-devel-linux-x86_64-fedora-gcc 0.2.1 36.28 OK
r-devel-windows-ix86+x86_64 0.2.1 9.00 100.00 109.00 OK
r-patched-linux-x86_64 0.2.1 2.66 49.93 52.59 OK
r-patched-solaris-x86 0.2.1 109.20 WARN
r-release-linux-x86_64 0.2.1 2.54 51.08 53.62 OK
r-release-windows-ix86+x86_64 0.2.1 7.00 75.00 82.00 OK
r-release-osx-x86_64 0.2.1 OK
r-oldrel-windows-ix86+x86_64 0.2.1 13.00 99.00 112.00 OK
r-oldrel-osx-x86_64 0.2.0 OK

Check Details

Version: 0.2.1
Check: package dependencies
Result: NOTE
    Package suggested but not available for checking: ‘rsvg’
Flavor: r-patched-solaris-x86

Version: 0.2.1
Check: re-building of vignette outputs
Result: WARN
    Error in re-building vignettes:
     ...
    Warning in engine$weave(file, quiet = quiet, encoding = enc) :
     Pandoc (>= 1.12.3) and/or pandoc-citeproc not available. Falling back to R Markdown v1.
    Quitting from lines 99-101 (ggimage.Rmd)
    Error: processing vignette 'ggimage.Rmd' failed with diagnostics:
    there is no package called 'rsvg'
    Execution halted
Flavor: r-patched-solaris-x86