CRAN Package Check Results for Package ggmcmc

Last updated on 2019-01-19 00:46:27 CET.

Flavor Version Tinstall Tcheck Ttotal Status Flags
r-devel-linux-x86_64-debian-clang 1.1 4.90 101.74 106.64 WARN
r-devel-linux-x86_64-debian-gcc 1.1 3.87 74.84 78.71 WARN
r-devel-linux-x86_64-fedora-clang 1.1 122.38 WARN
r-devel-linux-x86_64-fedora-gcc 1.1 111.59 WARN
r-devel-windows-ix86+x86_64 1.1 12.00 163.00 175.00 WARN
r-patched-linux-x86_64 1.1 4.15 131.02 135.17 OK
r-patched-solaris-x86 1.1 235.40 OK
r-release-linux-x86_64 1.1 4.06 132.24 136.30 OK
r-release-windows-ix86+x86_64 1.1 16.00 235.00 251.00 OK
r-release-osx-x86_64 1.1 WARN
r-oldrel-windows-ix86+x86_64 1.1 13.00 181.00 194.00 OK
r-oldrel-osx-x86_64 1.1 WARN

Check Details

Version: 1.1
Check: re-building of vignette outputs
Result: WARN
    Error(s) in re-building vignettes:
     ...
    --- re-building ‘using_ggmcmc.Rmd’ using rmarkdown
    Loading required package: dplyr
    
    Attaching package: 'dplyr'
    
    The following objects are masked from 'package:stats':
    
     filter, lag
    
    The following objects are masked from 'package:base':
    
     intersect, setdiff, setequal, union
    
    Loading required package: tidyr
    Loading required package: ggplot2
    Registering fonts with R
    
    Attaching package: 'gridExtra'
    
    The following object is masked from 'package:dplyr':
    
     combine
    
    pandoc-citeproc: reference stanreg not found
    pandoc-citeproc: reference brms not found
    --- finished re-building ‘using_ggmcmc.Rmd’
    
    --- re-building ‘v70i09.Rnw’ using knitr
    Quitting from lines 168-169 (v70i09.Rnw)
    Error: processing vignette 'v70i09.Rnw' failed with diagnostics:
    could not find function "ggs"
    --- failed re-building ‘v70i09.Rnw’
    
    SUMMARY: processing the following file failed:
     ‘v70i09.Rnw’
    
    Error: Vignette re-building failed.
    Execution halted
Flavors: r-devel-linux-x86_64-debian-clang, r-devel-linux-x86_64-debian-gcc

Version: 1.1
Check: re-building of vignette outputs
Result: WARN
    Error(s) in re-building vignettes:
    --- re-building ‘using_ggmcmc.Rmd’ using rmarkdown
    Loading required package: dplyr
    
    Attaching package: 'dplyr'
    
    The following objects are masked from 'package:stats':
    
     filter, lag
    
    The following objects are masked from 'package:base':
    
     intersect, setdiff, setequal, union
    
    Loading required package: tidyr
    Loading required package: ggplot2
    Registering fonts with R
    
    Attaching package: 'gridExtra'
    
    The following object is masked from 'package:dplyr':
    
     combine
    
    pandoc-citeproc: reference stanreg not found
    pandoc-citeproc: reference brms not found
    --- finished re-building ‘using_ggmcmc.Rmd’
    
    --- re-building ‘v70i09.Rnw’ using knitr
    Quitting from lines 168-169 (v70i09.Rnw)
    Error: processing vignette 'v70i09.Rnw' failed with diagnostics:
    could not find function "ggs"
    --- failed re-building ‘v70i09.Rnw’
    
    SUMMARY: processing the following file failed:
     ‘v70i09.Rnw’
    
    Error: Vignette re-building failed.
    Execution halted
Flavors: r-devel-linux-x86_64-fedora-clang, r-devel-linux-x86_64-fedora-gcc

Version: 1.1
Check: re-building of vignette outputs
Result: WARN
    Error(s) in re-building vignettes:
    --- re-building 'using_ggmcmc.Rmd' using rmarkdown
    Loading required package: dplyr
    
    Attaching package: 'dplyr'
    
    The following objects are masked from 'package:stats':
    
     filter, lag
    
    The following objects are masked from 'package:base':
    
     intersect, setdiff, setequal, union
    
    Loading required package: tidyr
    Loading required package: ggplot2
    Registering fonts with R
    Warning in grid.Call(C_textBounds, as.graphicsAnnot(x$label), x$x, x$y, :
     font family not found in Windows font database
    Warning in grid.Call(C_textBounds, as.graphicsAnnot(x$label), x$x, x$y, :
     font family not found in Windows font database
    Warning in grid.Call(C_textBounds, as.graphicsAnnot(x$label), x$x, x$y, :
     font family not found in Windows font database
    Warning in grid.Call(C_textBounds, as.graphicsAnnot(x$label), x$x, x$y, :
     font family not found in Windows font database
    Warning in grid.Call.graphics(C_text, as.graphicsAnnot(x$label), x$x, x$y, :
     font family not found in Windows font database
    Warning in grid.Call(C_textBounds, as.graphicsAnnot(x$label), x$x, x$y, :
     font family not found in Windows font database
    Warning in grid.Call.graphics(C_text, as.graphicsAnnot(x$label), x$x, x$y, :
     font family not found in Windows font database
    Warning in grid.Call(C_textBounds, as.graphicsAnnot(x$label), x$x, x$y, :
     font family not found in Windows font database
    Warning in grid.Call.graphics(C_text, as.graphicsAnnot(x$label), x$x, x$y, :
     font family not found in Windows font database
    Warning in grid.Call(C_textBounds, as.graphicsAnnot(x$label), x$x, x$y, :
     font family not found in Windows font database
    Warning in grid.Call.graphics(C_text, as.graphicsAnnot(x$label), x$x, x$y, :
     font family not found in Windows font database
    Warning in grid.Call(C_textBounds, as.graphicsAnnot(x$label), x$x, x$y, :
     font family not found in Windows font database
    Warning in grid.Call.graphics(C_text, as.graphicsAnnot(x$label), x$x, x$y, :
     font family not found in Windows font database
    Warning in grid.Call(C_textBounds, as.graphicsAnnot(x$label), x$x, x$y, :
     font family not found in Windows font database
    Warning in grid.Call.graphics(C_text, as.graphicsAnnot(x$label), x$x, x$y, :
     font family not found in Windows font database
    Warning in grid.Call(C_textBounds, as.graphicsAnnot(x$label), x$x, x$y, :
     font family not found in Windows font database
    Warning in grid.Call(C_textBounds, as.graphicsAnnot(x$label), x$x, x$y, :
     font family not found in Windows font database
    Warning in grid.Call(C_textBounds, as.graphicsAnnot(x$label), x$x, x$y, :
     font family not found in Windows font database
    Warning in grid.Call.graphics(C_text, as.graphicsAnnot(x$label), x$x, x$y, :
     font family not found in Windows font database
    Warning in grid.Call(C_textBounds, as.graphicsAnnot(x$label), x$x, x$y, :
     font family not found in Windows font database
    Warning in grid.Call.graphics(C_text, as.graphicsAnnot(x$label), x$x, x$y, :
     font family not found in Windows font database
    Warning in grid.Call(C_textBounds, as.graphicsAnnot(x$label), x$x, x$y, :
     font family not found in Windows font database
    Warning in grid.Call(C_textBounds, as.graphicsAnnot(x$label), x$x, x$y, :
     font family not found in Windows font database
    Warning in grid.Call(C_textBounds, as.graphicsAnnot(x$label), x$x, x$y, :
     font family not found in Windows font database
    Warning in grid.Call.graphics(C_text, as.graphicsAnnot(x$label), x$x, x$y, :
     font family not found in Windows font database
    Warning in grid.Call.graphics(C_text, as.graphicsAnnot(x$label), x$x, x$y, :
     font family not found in Windows font database
    Warning in grid.Call.graphics(C_text, as.graphicsAnnot(x$label), x$x, x$y, :
     font family not found in Windows font database
    Warning in grid.Call.graphics(C_text, as.graphicsAnnot(x$label), x$x, x$y, :
     font family not found in Windows font database
    Warning in grid.Call.graphics(C_text, as.graphicsAnnot(x$label), x$x, x$y, :
     font family not found in Windows font database
    Warning in grid.Call.graphics(C_text, as.graphicsAnnot(x$label), x$x, x$y, :
     font family not found in Windows font database
    Warning in grid.Call.graphics(C_text, as.graphicsAnnot(x$label), x$x, x$y, :
     font family not found in Windows font database
    Warning in grid.Call.graphics(C_text, as.graphicsAnnot(x$label), x$x, x$y, :
     font family not found in Windows font database
    Warning in grid.Call(C_textBounds, as.graphicsAnnot(x$label), x$x, x$y, :
     font family not found in Windows font database
    Warning in grid.Call(C_textBounds, as.graphicsAnnot(x$label), x$x, x$y, :
     font family not found in Windows font database
    Warning in grid.Call.graphics(C_text, as.graphicsAnnot(x$label), x$x, x$y, :
     font family not found in Windows font database
    Warning in grid.Call(C_textBounds, as.graphicsAnnot(x$label), x$x, x$y, :
     font family not found in Windows font database
    Warning in grid.Call(C_textBounds, as.graphicsAnnot(x$label), x$x, x$y, :
     font family not found in Windows font database
    Warning in grid.Call(C_textBounds, as.graphicsAnnot(x$label), x$x, x$y, :
     font family not found in Windows font database
    Warning in grid.Call.graphics(C_text, as.graphicsAnnot(x$label), x$x, x$y, :
     font family not found in Windows font database
    Warning in grid.Call(C_textBounds, as.graphicsAnnot(x$label), x$x, x$y, :
     font family not found in Windows font database
    Warning in grid.Call.graphics(C_text, as.graphicsAnnot(x$label), x$x, x$y, :
     font family not found in Windows font database
    Warning in grid.Call(C_textBounds, as.graphicsAnnot(x$label), x$x, x$y, :
     font family not found in Windows font database
    Warning in grid.Call(C_textBounds, as.graphicsAnnot(x$label), x$x, x$y, :
     font family not found in Windows font database
    Warning in grid.Call(C_textBounds, as.graphicsAnnot(x$label), x$x, x$y, :
     font family not found in Windows font database
    Warning in grid.Call.graphics(C_text, as.graphicsAnnot(x$label), x$x, x$y, :
     font family not found in Windows font database
    Warning in grid.Call.graphics(C_text, as.graphicsAnnot(x$label), x$x, x$y, :
     font family not found in Windows font database
    Warning in grid.Call.graphics(C_text, as.graphicsAnnot(x$label), x$x, x$y, :
     font family not found in Windows font database
    Warning in grid.Call.graphics(C_text, as.graphicsAnnot(x$label), x$x, x$y, :
     font family not found in Windows font database
    Warning in grid.Call.graphics(C_text, as.graphicsAnnot(x$label), x$x, x$y, :
     font family not found in Windows font database
    Warning in grid.Call.graphics(C_text, as.graphicsAnnot(x$label), x$x, x$y, :
     font family not found in Windows font database
    Warning in grid.Call.graphics(C_text, as.graphicsAnnot(x$label), x$x, x$y, :
     font family not found in Windows font database
    Warning in grid.Call.graphics(C_text, as.graphicsAnnot(x$label), x$x, x$y, :
     font family not found in Windows font database
    Warning in grid.Call(C_textBounds, as.graphicsAnnot(x$label), x$x, x$y, :
     font family not found in Windows font database
    Warning in grid.Call(C_textBounds, as.graphicsAnnot(x$label), x$x, x$y, :
     font family not found in Windows font database
    Warning in grid.Call.graphics(C_text, as.graphicsAnnot(x$label), x$x, x$y, :
     font family not found in Windows font database
    Warning in grid.Call(C_textBounds, as.graphicsAnnot(x$label), x$x, x$y, :
     font family not found in Windows font database
    Warning in grid.Call(C_textBounds, as.graphicsAnnot(x$label), x$x, x$y, :
     font family not found in Windows font database
    Warning in grid.Call(C_textBounds, as.graphicsAnnot(x$label), x$x, x$y, :
     font family not found in Windows font database
    Warning in grid.Call(C_textBounds, as.graphicsAnnot(x$label), x$x, x$y, :
     font family not found in Windows font database
    Warning in grid.Call(C_textBounds, as.graphicsAnnot(x$label), x$x, x$y, :
     font family not found in Windows font database
    Warning in grid.Call(C_textBounds, as.graphicsAnnot(x$label), x$x, x$y, :
     font family not found in Windows font database
    Warning in grid.Call(C_textBounds, as.graphicsAnnot(x$label), x$x, x$y, :
     font family not found in Windows font database
    Warning in grid.Call(C_textBounds, as.graphicsAnnot(x$label), x$x, x$y, :
     font family not found in Windows font database
    Warning in grid.Call(C_textBounds, as.graphicsAnnot(x$label), x$x, x$y, :
     font family not found in Windows font database
    Warning in grid.Call(C_textBounds, as.graphicsAnnot(x$label), x$x, x$y, :
     font family not found in Windows font database
    Warning in grid.Call.graphics(C_text, as.graphicsAnnot(x$label), x$x, x$y, :
     font family not found in Windows font database
    Warning in grid.Call.graphics(C_text, as.graphicsAnnot(x$label), x$x, x$y, :
     font family not found in Windows font database
    Warning in grid.Call.graphics(C_text, as.graphicsAnnot(x$label), x$x, x$y, :
     font family not found in Windows font database
    Warning in grid.Call.graphics(C_text, as.graphicsAnnot(x$label), x$x, x$y, :
     font family not found in Windows font database
    Warning in grid.Call.graphics(C_text, as.graphicsAnnot(x$label), x$x, x$y, :
     font family not found in Windows font database
    Warning in grid.Call.graphics(C_text, as.graphicsAnnot(x$label), x$x, x$y, :
     font family not found in Windows font database
    Warning in grid.Call.graphics(C_text, as.graphicsAnnot(x$label), x$x, x$y, :
     font family not found in Windows font database
    Warning in grid.Call(C_textBounds, as.graphicsAnnot(x$label), x$x, x$y, :
     font family not found in Windows font database
    Warning in grid.Call(C_textBounds, as.graphicsAnnot(x$label), x$x, x$y, :
     font family not found in Windows font database
    Warning in grid.Call(C_textBounds, as.graphicsAnnot(x$label), x$x, x$y, :
     font family not found in Windows font database
    Warning in grid.Call(C_textBounds, as.graphicsAnnot(x$label), x$x, x$y, :
     font family not found in Windows font database
    Warning in grid.Call(C_textBounds, as.graphicsAnnot(x$label), x$x, x$y, :
     font family not found in Windows font database
    Warning in grid.Call(C_textBounds, as.graphicsAnnot(x$label), x$x, x$y, :
     font family not found in Windows font database
    Warning in grid.Call(C_textBounds, as.graphicsAnnot(x$label), x$x, x$y, :
     font family not found in Windows font database
    Warning in grid.Call(C_textBounds, as.graphicsAnnot(x$label), x$x, x$y, :
     font family not found in Windows font database
    Warning in grid.Call(C_textBounds, as.graphicsAnnot(x$label), x$x, x$y, :
     font family not found in Windows font database
    Warning in grid.Call.graphics(C_text, as.graphicsAnnot(x$label), x$x, x$y, :
     font family not found in Windows font database
    Warning in grid.Call.graphics(C_text, as.graphicsAnnot(x$label), x$x, x$y, :
     font family not found in Windows font database
    Warning in grid.Call.graphics(C_text, as.graphicsAnnot(x$label), x$x, x$y, :
     font family not found in Windows font database
    Warning in grid.Call.graphics(C_text, as.graphicsAnnot(x$label), x$x, x$y, :
     font family not found in Windows font database
    Warning in grid.Call.graphics(C_text, as.graphicsAnnot(x$label), x$x, x$y, :
     font family not found in Windows font database
    Warning in grid.Call.graphics(C_text, as.graphicsAnnot(x$label), x$x, x$y, :
     font family not found in Windows font database
    Warning in grid.Call.graphics(C_text, as.graphicsAnnot(x$label), x$x, x$y, :
     font family not found in Windows font database
    Warning in grid.Call(C_textBounds, as.graphicsAnnot(x$label), x$x, x$y, :
     font family not found in Windows font database
    Warning in grid.Call(C_textBounds, as.graphicsAnnot(x$label), x$x, x$y, :
     font family not found in Windows font database
    Warning in grid.Call(C_textBounds, as.graphicsAnnot(x$label), x$x, x$y, :
     font family not found in Windows font database
    Warning in grid.Call(C_textBounds, as.graphicsAnnot(x$label), x$x, x$y, :
     font family not found in Windows font database
    Warning in grid.Call(C_textBounds, as.graphicsAnnot(x$label), x$x, x$y, :
     font family not found in Windows font database
    Warning in grid.Call(C_textBounds, as.graphicsAnnot(x$label), x$x, x$y, :
     font family not found in Windows font database
    Warning in grid.Call(C_textBounds, as.graphicsAnnot(x$label), x$x, x$y, :
     font family not found in Windows font database
    Warning in grid.Call(C_textBounds, as.graphicsAnnot(x$label), x$x, x$y, :
     font family not found in Windows font database
    Warning in grid.Call(C_textBounds, as.graphicsAnnot(x$label), x$x, x$y, :
     font family not found in Windows font database
    Warning in grid.Call(C_textBounds, as.graphicsAnnot(x$label), x$x, x$y, :
     font family not found in Windows font database
    Warning in grid.Call(C_textBounds, as.graphicsAnnot(x$label), x$x, x$y, :
     font family not found in Windows font database
    Warning in grid.Call(C_textBounds, as.graphicsAnnot(x$label), x$x, x$y, :
     font family not found in Windows font database
    Warning in grid.Call(C_textBounds, as.graphicsAnnot(x$label), x$x, x$y, :
     font family not found in Windows font database
    Warning in grid.Call.graphics(C_text, as.graphicsAnnot(x$label), x$x, x$y, :
     font family not found in Windows font database
    Warning in grid.Call(C_textBounds, as.graphicsAnnot(x$label), x$x, x$y, :
     font family not found in Windows font database
    Warning in grid.Call(C_textBounds, as.graphicsAnnot(x$label), x$x, x$y, :
     font family not found in Windows font database
    Warning in grid.Call(C_textBounds, as.graphicsAnnot(x$label), x$x, x$y, :
     font family not found in Windows font database
    Warning in grid.Call(C_textBounds, as.graphicsAnnot(x$label), x$x, x$y, :
     font family not found in Windows font database
    Warning in grid.Call(C_textBounds, as.graphicsAnnot(x$label), x$x, x$y, :
     font family not found in Windows font database
    Warning in grid.Call(C_textBounds, as.graphicsAnnot(x$label), x$x, x$y, :
     font family not found in Windows font database
    Warning in grid.Call(C_textBounds, as.graphicsAnnot(x$label), x$x, x$y, :
     font family not found in Windows font database
    Warning in grid.Call(C_textBounds, as.graphicsAnnot(x$label), x$x, x$y, :
     font family not found in Windows font database
    Warning in grid.Call(C_textBounds, as.graphicsAnnot(x$label), x$x, x$y, :
     font family not found in Windows font database
    Warning in grid.Call(C_textBounds, as.graphicsAnnot(x$label), x$x, x$y, :
     font family not found in Windows font database
    Warning in grid.Call(C_textBounds, as.graphicsAnnot(x$label), x$x, x$y, :
     font family not found in Windows font database
    Warning in grid.Call.graphics(C_text, as.graphicsAnnot(x$label), x$x, x$y, :
     font family not found in Windows font database
    Warning in grid.Call(C_textBounds, as.graphicsAnnot(x$label), x$x, x$y, :
     font family not found in Windows font database
    Warning in grid.Call(C_textBounds, as.graphicsAnnot(x$label), x$x, x$y, :
     font family not found in Windows font database
    Warning in grid.Call(C_textBounds, as.graphicsAnnot(x$label), x$x, x$y, :
     font family not found in Windows font database
    Warning in grid.Call(C_textBounds, as.graphicsAnnot(x$label), x$x, x$y, :
     font family not found in Windows font database
    Warning in grid.Call(C_textBounds, as.graphicsAnnot(x$label), x$x, x$y, :
     font family not found in Windows font database
    Warning in grid.Call(C_textBounds, as.graphicsAnnot(x$label), x$x, x$y, :
     font family not found in Windows font database
    Warning in grid.Call(C_textBounds, as.graphicsAnnot(x$label), x$x, x$y, :
     font family not found in Windows font database
    Warning in grid.Call(C_textBounds, as.graphicsAnnot(x$label), x$x, x$y, :
     font family not found in Windows font database
    Warning in grid.Call(C_textBounds, as.graphicsAnnot(x$label), x$x, x$y, :
     font family not found in Windows font database
    Warning in grid.Call.graphics(C_text, as.graphicsAnnot(x$label), x$x, x$y, :
     font family not found in Windows font database
    Warning in grid.Call(C_textBounds, as.graphicsAnnot(x$label), x$x, x$y, :
     font family not found in Windows font database
    Warning in grid.Call.graphics(C_text, as.graphicsAnnot(x$label), x$x, x$y, :
     font family not found in Windows font database
    Warning in grid.Call(C_textBounds, as.graphicsAnnot(x$label), x$x, x$y, :
     font family not found in Windows font database
    Warning in grid.Call(C_textBounds, as.graphicsAnnot(x$label), x$x, x$y, :
     font family not found in Windows font database
    Warning in grid.Call(C_textBounds, as.graphicsAnnot(x$label), x$x, x$y, :
     font family not found in Windows font database
    Warning in grid.Call.graphics(C_text, as.graphicsAnnot(x$label), x$x, x$y, :
     font family not found in Windows font database
    Warning in grid.Call(C_textBounds, as.graphicsAnnot(x$label), x$x, x$y, :
     font family not found in Windows font database
    Warning in grid.Call.graphics(C_text, as.graphicsAnnot(x$label), x$x, x$y, :
     font family not found in Windows font database
    Warning in grid.Call(C_textBounds, as.graphicsAnnot(x$label), x$x, x$y, :
     font family not found in Windows font database
    Warning in grid.Call(C_textBounds, as.graphicsAnnot(x$label), x$x, x$y, :
     font family not found in Windows font database
    Warning in grid.Call(C_textBounds, as.graphicsAnnot(x$label), x$x, x$y, :
     font family not found in Windows font database
    Warning in grid.Call(C_textBounds, as.graphicsAnnot(x$label), x$x, x$y, :
     font family not found in Windows font database
    Warning in grid.Call(C_textBounds, as.graphicsAnnot(x$label), x$x, x$y, :
     font family not found in Windows font database
    Warning in grid.Call(C_textBounds, as.graphicsAnnot(x$label), x$x, x$y, :
     font family not found in Windows font database
    Warning in grid.Call(C_textBounds, as.graphicsAnnot(x$label), x$x, x$y, :
     font family not found in Windows font database
    Warning in grid.Call(C_textBounds, as.graphicsAnnot(x$label), x$x, x$y, :
     font family not found in Windows font database
    Warning in grid.Call(C_textBounds, as.graphicsAnnot(x$label), x$x, x$y, :
     font family not found in Windows font database
    Warning in grid.Call(C_textBounds, as.graphicsAnnot(x$label), x$x, x$y, :
     font family not found in Windows font database
    Warning in grid.Call(C_textBounds, as.graphicsAnnot(x$label), x$x, x$y, :
     font family not found in Windows font database
    Warning in grid.Call.graphics(C_text, as.graphicsAnnot(x$label), x$x, x$y, :
     font family not found in Windows font database
    Warning in grid.Call(C_textBounds, as.graphicsAnnot(x$label), x$x, x$y, :
     font family not found in Windows font database
    Warning in grid.Call(C_textBounds, as.graphicsAnnot(x$label), x$x, x$y, :
     font family not found in Windows font database
    Warning in grid.Call(C_textBounds, as.graphicsAnnot(x$label), x$x, x$y, :
     font family not found in Windows font database
    Warning in grid.Call(C_textBounds, as.graphicsAnnot(x$label), x$x, x$y, :
     font family not found in Windows font database
    Warning in grid.Call(C_textBounds, as.graphicsAnnot(x$label), x$x, x$y, :
     font family not found in Windows font database
    Warning in grid.Call(C_textBounds, as.graphicsAnnot(x$label), x$x, x$y, :
     font family not found in Windows font database
    Warning in grid.Call(C_textBounds, as.graphicsAnnot(x$label), x$x, x$y, :
     font family not found in Windows font database
    Warning in grid.Call(C_textBounds, as.graphicsAnnot(x$label), x$x, x$y, :
     font family not found in Windows font database
    Warning in grid.Call(C_textBounds, as.graphicsAnnot(x$label), x$x, x$y, :
     font family not found in Windows font database
    Warning in grid.Call.graphics(C_text, as.graphicsAnnot(x$label), x$x, x$y, :
     font family not found in Windows font database
    Warning in grid.Call(C_textBounds, as.graphicsAnnot(x$label), x$x, x$y, :
     font family not found in Windows font database
    Warning in grid.Call(C_textBounds, as.graphicsAnnot(x$label), x$x, x$y, :
     font family not found in Windows font database
    Warning in grid.Call(C_textBounds, as.graphicsAnnot(x$label), x$x, x$y, :
     font family not found in Windows font database
    Warning in grid.Call(C_textBounds, as.graphicsAnnot(x$label), x$x, x$y, :
     font family not found in Windows font database
    Warning in grid.Call(C_textBounds, as.graphicsAnnot(x$label), x$x, x$y, :
     font family not found in Windows font database
    Warning in grid.Call(C_textBounds, as.graphicsAnnot(x$label), x$x, x$y, :
     font family not found in Windows font database
    Warning in grid.Call(C_textBounds, as.graphicsAnnot(x$label), x$x, x$y, :
     font family not found in Windows font database
    Warning in grid.Call.graphics(C_text, as.graphicsAnnot(x$label), x$x, x$y, :
     font family not found in Windows font database
    Warning in grid.Call(C_textBounds, as.graphicsAnnot(x$label), x$x, x$y, :
     font family not found in Windows font database
    Warning in grid.Call(C_textBounds, as.graphicsAnnot(x$label), x$x, x$y, :
     font family not found in Windows font database
    Warning in grid.Call(C_textBounds, as.graphicsAnnot(x$label), x$x, x$y, :
     font family not found in Windows font database
    Warning in grid.Call(C_textBounds, as.graphicsAnnot(x$label), x$x, x$y, :
     font family not found in Windows font database
    Warning in grid.Call(C_textBounds, as.graphicsAnnot(x$label), x$x, x$y, :
     font family not found in Windows font database
    Warning in grid.Call(C_textBounds, as.graphicsAnnot(x$label), x$x, x$y, :
     font family not found in Windows font database
    Warning in grid.Call(C_textBounds, as.graphicsAnnot(x$label), x$x, x$y, :
     font family not found in Windows font database
    Warning in grid.Call.graphics(C_text, as.graphicsAnnot(x$label), x$x, x$y, :
     font family not found in Windows font database
    Warning in grid.Call(C_textBounds, as.graphicsAnnot(x$label), x$x, x$y, :
     font family not found in Windows font database
    Warning in grid.Call(C_textBounds, as.graphicsAnnot(x$label), x$x, x$y, :
     font family not found in Windows font database
    Warning in grid.Call(C_textBounds, as.graphicsAnnot(x$label), x$x, x$y, :
     font family not found in Windows font database
    Warning in grid.Call(C_textBounds, as.graphicsAnnot(x$label), x$x, x$y, :
     font family not found in Windows font database
    Warning in grid.Call(C_textBounds, as.graphicsAnnot(x$label), x$x, x$y, :
     font family not found in Windows font database
    Warning in grid.Call(C_textBounds, as.graphicsAnnot(x$label), x$x, x$y, :
     font family not found in Windows font database
    Warning in grid.Call(C_textBounds, as.graphicsAnnot(x$label), x$x, x$y, :
     font family not found in Windows font database
    Warning in grid.Call.graphics(C_text, as.graphicsAnnot(x$label), x$x, x$y, :
     font family not found in Windows font database
    Warning in grid.Call(C_textBounds, as.graphicsAnnot(x$label), x$x, x$y, :
     font family not found in Windows font database
    Warning in grid.Call(C_textBounds, as.graphicsAnnot(x$label), x$x, x$y, :
     font family not found in Windows font database
    Warning in grid.Call(C_textBounds, as.graphicsAnnot(x$label), x$x, x$y, :
     font family not found in Windows font database
    Warning in grid.Call(C_textBounds, as.graphicsAnnot(x$label), x$x, x$y, :
     font family not found in Windows font database
    Warning in grid.Call(C_textBounds, as.graphicsAnnot(x$label), x$x, x$y, :
     font family not found in Windows font database
    Warning in grid.Call(C_textBounds, as.graphicsAnnot(x$label), x$x, x$y, :
     font family not found in Windows font database
    Warning in grid.Call(C_textBounds, as.graphicsAnnot(x$label), x$x, x$y, :
     font family not found in Windows font database
    Warning in grid.Call(C_textBounds, as.graphicsAnnot(x$label), x$x, x$y, :
     font family not found in Windows font database
    Warning in grid.Call(C_textBounds, as.graphicsAnnot(x$label), x$x, x$y, :
     font family not found in Windows font database
    Warning in grid.Call.graphics(C_text, as.graphicsAnnot(x$label), x$x, x$y, :
     font family not found in Windows font database
    Warning in grid.Call(C_textBounds, as.graphicsAnnot(x$label), x$x, x$y, :
     font family not found in Windows font database
    Warning in grid.Call(C_textBounds, as.graphicsAnnot(x$label), x$x, x$y, :
     font family not found in Windows font database
    Warning in grid.Call(C_textBounds, as.graphicsAnnot(x$label), x$x, x$y, :
     font family not found in Windows font database
    Warning in grid.Call(C_textBounds, as.graphicsAnnot(x$label), x$x, x$y, :
     font family not found in Windows font database
    Warning in grid.Call(C_textBounds, as.graphicsAnnot(x$label), x$x, x$y, :
     font family not found in Windows font database
    Warning in grid.Call(C_textBounds, as.graphicsAnnot(x$label), x$x, x$y, :
     font family not found in Windows font database
    Warning in grid.Call.graphics(C_text, as.graphicsAnnot(x$label), x$x, x$y, :
     font family not found in Windows font database
    Warning in grid.Call.graphics(C_text, as.graphicsAnnot(x$label), x$x, x$y, :
     font family not found in Windows font database
    Warning in grid.Call.graphics(C_text, as.graphicsAnnot(x$label), x$x, x$y, :
     font family not found in Windows font database
    Warning in grid.Call.graphics(C_text, as.graphicsAnnot(x$label), x$x, x$y, :
     font family not found in Windows font database
    Warning in grid.Call.graphics(C_text, as.graphicsAnnot(x$label), x$x, x$y, :
     font family not found in Windows font database
    Warning in grid.Call.graphics(C_text, as.graphicsAnnot(x$label), x$x, x$y, :
     font family not found in Windows font database
    Warning in grid.Call.graphics(C_text, as.graphicsAnnot(x$label), x$x, x$y, :
     font family not found in Windows font database
    Warning in grid.Call.graphics(C_text, as.graphicsAnnot(x$label), x$x, x$y, :
     font family not found in Windows font database
    Warning in grid.Call.graphics(C_text, as.graphicsAnnot(x$label), x$x, x$y, :
     font family not found in Windows font database
    Warning in grid.Call.graphics(C_text, as.graphicsAnnot(x$label), x$x, x$y, :
     font family not found in Windows font database
    Warning in grid.Call.graphics(C_text, as.graphicsAnnot(x$label), x$x, x$y, :
     font family not found in Windows font database
    Warning in grid.Call.graphics(C_text, as.graphicsAnnot(x$label), x$x, x$y, :
     font family not found in Windows font database
    Warning in grid.Call.graphics(C_text, as.graphicsAnnot(x$label), x$x, x$y, :
     font family not found in Windows font database
    Warning in grid.Call.graphics(C_text, as.graphicsAnnot(x$label), x$x, x$y, :
     font family not found in Windows font database
    Warning in grid.Call.graphics(C_text, as.graphicsAnnot(x$label), x$x, x$y, :
     font family not found in Windows font database
    Warning in grid.Call.graphics(C_text, as.graphicsAnnot(x$label), x$x, x$y, :
     font family not found in Windows font database
    Warning in grid.Call.graphics(C_text, as.graphicsAnnot(x$label), x$x, x$y, :
     font family not found in Windows font database
    Warning in grid.Call.graphics(C_text, as.graphicsAnnot(x$label), x$x, x$y, :
     font family not found in Windows font database
    Warning in grid.Call.graphics(C_text, as.graphicsAnnot(x$label), x$x, x$y, :
     font family not found in Windows font database
    Warning in grid.Call.graphics(C_text, as.graphicsAnnot(x$label), x$x, x$y, :
     font family not found in Windows font database
    Warning in grid.Call.graphics(C_text, as.graphicsAnnot(x$label), x$x, x$y, :
     font family not found in Windows font database
    Warning in grid.Call.graphics(C_text, as.graphicsAnnot(x$label), x$x, x$y, :
     font family not found in Windows font database
    Warning in grid.Call.graphics(C_text, as.graphicsAnnot(x$label), x$x, x$y, :
     font family not found in Windows font database
    Warning in grid.Call.graphics(C_text, as.graphicsAnnot(x$label), x$x, x$y, :
     font family not found in Windows font database
    Warning in grid.Call.graphics(C_text, as.graphicsAnnot(x$label), x$x, x$y, :
     font family not found in Windows font database
    Warning in grid.Call.graphics(C_text, as.graphicsAnnot(x$label), x$x, x$y, :
     font family not found in Windows font database
    Warning in grid.Call.graphics(C_text, as.graphicsAnnot(x$label), x$x, x$y, :
     font family not found in Windows font database
    Warning in grid.Call.graphics(C_text, as.graphicsAnnot(x$label), x$x, x$y, :
     font family not found in Windows font database
    Warning in grid.Call.graphics(C_text, as.graphicsAnnot(x$label), x$x, x$y, :
     font family not found in Windows font database
    Warning in grid.Call.graphics(C_text, as.graphicsAnnot(x$label), x$x, x$y, :
     font family not found in Windows font database
    Warning in grid.Call.graphics(C_text, as.graphicsAnnot(x$label), x$x, x$y, :
     font family not found in Windows font database
    Warning in grid.Call.graphics(C_text, as.graphicsAnnot(x$label), x$x, x$y, :
     font family not found in Windows font database
    Warning in grid.Call.graphics(C_text, as.graphicsAnnot(x$label), x$x, x$y, :
     font family not found in Windows font database
    Warning in grid.Call.graphics(C_text, as.graphicsAnnot(x$label), x$x, x$y, :
     font family not found in Windows font database
    Warning in grid.Call.graphics(C_text, as.graphicsAnnot(x$label), x$x, x$y, :
     font family not found in Windows font database
    Warning in grid.Call.graphics(C_text, as.graphicsAnnot(x$label), x$x, x$y, :
     font family not found in Windows font database
    Warning in grid.Call.graphics(C_text, as.graphicsAnnot(x$label), x$x, x$y, :
     font family not found in Windows font database
    Warning in grid.Call.graphics(C_text, as.graphicsAnnot(x$label), x$x, x$y, :
     font family not found in Windows font database
    Warning in grid.Call.graphics(C_text, as.graphicsAnnot(x$label), x$x, x$y, :
     font family not found in Windows font database
    Warning in grid.Call.graphics(C_text, as.graphicsAnnot(x$label), x$x, x$y, :
     font family not found in Windows font database
    Warning in grid.Call.graphics(C_text, as.graphicsAnnot(x$label), x$x, x$y, :
     font family not found in Windows font database
    Warning in grid.Call.graphics(C_text, as.graphicsAnnot(x$label), x$x, x$y, :
     font family not found in Windows font database
    Warning in grid.Call.graphics(C_text, as.graphicsAnnot(x$label), x$x, x$y, :
     font family not found in Windows font database
    Warning in grid.Call.graphics(C_text, as.graphicsAnnot(x$label), x$x, x$y, :
     font family not found in Windows font database
    Warning in grid.Call.graphics(C_text, as.graphicsAnnot(x$label), x$x, x$y, :
     font family not found in Windows font database
    Warning in grid.Call.graphics(C_text, as.graphicsAnnot(x$label), x$x, x$y, :
     font family not found in Windows font database
    Warning in grid.Call.graphics(C_text, as.graphicsAnnot(x$label), x$x, x$y, :
     font family not found in Windows font database
    Warning in grid.Call.graphics(C_text, as.graphicsAnnot(x$label), x$x, x$y, :
     font family not found in Windows font database
    Warning in grid.Call.graphics(C_text, as.graphicsAnnot(x$label), x$x, x$y, :
     font family not found in Windows font database
    Warning in grid.Call.graphics(C_text, as.graphicsAnnot(x$label), x$x, x$y, :
     font family not found in Windows font database
    Warning in grid.Call.graphics(C_text, as.graphicsAnnot(x$label), x$x, x$y, :
     font family not found in Windows font database
    Warning in grid.Call.graphics(C_text, as.graphicsAnnot(x$label), x$x, x$y, :
     font family not found in Windows font database
    Warning in grid.Call.graphics(C_text, as.graphicsAnnot(x$label), x$x, x$y, :
     font family not found in Windows font database
    Warning in grid.Call.graphics(C_text, as.graphicsAnnot(x$label), x$x, x$y, :
     font family not found in Windows font database
    Warning in grid.Call.graphics(C_text, as.graphicsAnnot(x$label), x$x, x$y, :
     font family not found in Windows font database
    Warning in grid.Call.graphics(C_text, as.graphicsAnnot(x$label), x$x, x$y, :
     font family not found in Windows font database
    Warning in grid.Call.graphics(C_text, as.graphicsAnnot(x$label), x$x, x$y, :
     font family not found in Windows font database
    Warning in grid.Call.graphics(C_text, as.graphicsAnnot(x$label), x$x, x$y, :
     font family not found in Windows font database
    Warning in grid.Call.graphics(C_text, as.graphicsAnnot(x$label), x$x, x$y, :
     font family not found in Windows font database
    Warning in grid.Call.graphics(C_text, as.graphicsAnnot(x$label), x$x, x$y, :
     font family not found in Windows font database
    Warning in grid.Call.graphics(C_text, as.graphicsAnnot(x$label), x$x, x$y, :
     font family not found in Windows font database
    Warning in grid.Call.graphics(C_text, as.graphicsAnnot(x$label), x$x, x$y, :
     font family not found in Windows font database
    Warning in grid.Call.graphics(C_text, as.graphicsAnnot(x$label), x$x, x$y, :
     font family not found in Windows font database
    Warning in grid.Call.graphics(C_text, as.graphicsAnnot(x$label), x$x, x$y, :
     font family not found in Windows font database
    Warning in grid.Call.graphics(C_text, as.graphicsAnnot(x$label), x$x, x$y, :
     font family not found in Windows font database
    Warning in grid.Call.graphics(C_text, as.graphicsAnnot(x$label), x$x, x$y, :
     font family not found in Windows font database
    Warning in grid.Call.graphics(C_text, as.graphicsAnnot(x$label), x$x, x$y, :
     font family not found in Windows font database
    Warning in grid.Call.graphics(C_text, as.graphicsAnnot(x$label), x$x, x$y, :
     font family not found in Windows font database
    Warning in grid.Call.graphics(C_text, as.graphicsAnnot(x$label), x$x, x$y, :
     font family not found in Windows font database
    Warning in grid.Call.graphics(C_text, as.graphicsAnnot(x$label), x$x, x$y, :
     font family not found in Windows font database
    Warning in grid.Call.graphics(C_text, as.graphicsAnnot(x$label), x$x, x$y, :
     font family not found in Windows font database
    Warning in grid.Call.graphics(C_text, as.graphicsAnnot(x$label), x$x, x$y, :
     font family not found in Windows font database
    Warning in grid.Call.graphics(C_text, as.graphicsAnnot(x$label), x$x, x$y, :
     font family not found in Windows font database
    Warning in grid.Call.graphics(C_text, as.graphicsAnnot(x$label), x$x, x$y, :
     font family not found in Windows font database
    Warning in grid.Call.graphics(C_text, as.graphicsAnnot(x$label), x$x, x$y, :
     font family not found in Windows font database
    Warning in grid.Call.graphics(C_text, as.graphicsAnnot(x$label), x$x, x$y, :
     font family not found in Windows font database
    Warning in grid.Call.graphics(C_text, as.graphicsAnnot(x$label), x$x, x$y, :
     font family not found in Windows font database
    Warning in grid.Call.graphics(C_text, as.graphicsAnnot(x$label), x$x, x$y, :
     font family not found in Windows font database
    Warning in grid.Call.graphics(C_text, as.graphicsAnnot(x$label), x$x, x$y, :
     font family not found in Windows font database
    Warning in grid.Call.graphics(C_text, as.graphicsAnnot(x$label), x$x, x$y, :
     font family not found in Windows font database
    Warning in grid.Call.graphics(C_text, as.graphicsAnnot(x$label), x$x, x$y, :
     font family not found in Windows font database
    Warning in grid.Call.graphics(C_text, as.graphicsAnnot(x$label), x$x, x$y, :
     font family not found in Windows font database
    Warning in grid.Call.graphics(C_text, as.graphicsAnnot(x$label), x$x, x$y, :
     font family not found in Windows font database
    Warning in grid.Call.graphics(C_text, as.graphicsAnnot(x$label), x$x, x$y, :
     font family not found in Windows font database
    Warning in grid.Call.graphics(C_text, as.graphicsAnnot(x$label), x$x, x$y, :
     font family not found in Windows font database
    Warning in grid.Call.graphics(C_text, as.graphicsAnnot(x$label), x$x, x$y, :
     font family not found in Windows font database
    Warning in grid.Call.graphics(C_text, as.graphicsAnnot(x$label), x$x, x$y, :
     font family not found in Windows font database
    Warning in grid.Call.graphics(C_text, as.graphicsAnnot(x$label), x$x, x$y, :
     font family not found in Windows font database
    Warning in grid.Call.graphics(C_text, as.graphicsAnnot(x$label), x$x, x$y, :
     font family not found in Windows font database
    Warning in grid.Call.graphics(C_text, as.graphicsAnnot(x$label), x$x, x$y, :
     font family not found in Windows font database
    Warning in grid.Call.graphics(C_text, as.graphicsAnnot(x$label), x$x, x$y, :
     font family not found in Windows font database
    Warning in grid.Call.graphics(C_text, as.graphicsAnnot(x$label), x$x, x$y, :
     font family not found in Windows font database
    Warning in grid.Call.graphics(C_text, as.graphicsAnnot(x$label), x$x, x$y, :
     font family not found in Windows font database
    Warning in grid.Call.graphics(C_text, as.graphicsAnnot(x$label), x$x, x$y, :
     font family not found in Windows font database
    Warning in grid.Call.graphics(C_text, as.graphicsAnnot(x$label), x$x, x$y, :
     font family not found in Windows font database
    Warning in grid.Call.graphics(C_text, as.graphicsAnnot(x$label), x$x, x$y, :
     font family not found in Windows font database
    Warning in grid.Call.graphics(C_text, as.graphicsAnnot(x$label), x$x, x$y, :
     font family not found in Windows font database
    Warning in grid.Call.graphics(C_text, as.graphicsAnnot(x$label), x$x, x$y, :
     font family not found in Windows font database
    Warning in grid.Call.graphics(C_text, as.graphicsAnnot(x$label), x$x, x$y, :
     font family not found in Windows font database
    Warning in grid.Call.graphics(C_text, as.graphicsAnnot(x$label), x$x, x$y, :
     font family not found in Windows font database
    Warning in grid.Call.graphics(C_text, as.graphicsAnnot(x$label), x$x, x$y, :
     font family not found in Windows font database
    Warning in grid.Call.graphics(C_text, as.graphicsAnnot(x$label), x$x, x$y, :
     font family not found in Windows font database
    Warning in grid.Call.graphics(C_text, as.graphicsAnnot(x$label), x$x, x$y, :
     font family not found in Windows font database
    Warning in grid.Call.graphics(C_text, as.graphicsAnnot(x$label), x$x, x$y, :
     font family not found in Windows font database
    Warning in grid.Call.graphics(C_text, as.graphicsAnnot(x$label), x$x, x$y, :
     font family not found in Windows font database
    Warning in grid.Call.graphics(C_text, as.graphicsAnnot(x$label), x$x, x$y, :
     font family not found in Windows font database
    Warning in grid.Call.graphics(C_text, as.graphicsAnnot(x$label), x$x, x$y, :
     font family not found in Windows font database
    Warning in grid.Call.graphics(C_text, as.graphicsAnnot(x$label), x$x, x$y, :
     font family not found in Windows font database
    Warning in grid.Call.graphics(C_text, as.graphicsAnnot(x$label), x$x, x$y, :
     font family not found in Windows font database
    Warning in grid.Call.graphics(C_text, as.graphicsAnnot(x$label), x$x, x$y, :
     font family not found in Windows font database
    Warning in grid.Call.graphics(C_text, as.graphicsAnnot(x$label), x$x, x$y, :
     font family not found in Windows font database
    Warning in grid.Call.graphics(C_text, as.graphicsAnnot(x$label), x$x, x$y, :
     font family not found in Windows font database
    Warning in grid.Call.graphics(C_text, as.graphicsAnnot(x$label), x$x, x$y, :
     font family not found in Windows font database
    Warning in grid.Call.graphics(C_text, as.graphicsAnnot(x$label), x$x, x$y, :
     font family not found in Windows font database
    Warning in grid.Call.graphics(C_text, as.graphicsAnnot(x$label), x$x, x$y, :
     font family not found in Windows font database
    Warning in grid.Call.graphics(C_text, as.graphicsAnnot(x$label), x$x, x$y, :
     font family not found in Windows font database
    Warning in grid.Call.graphics(C_text, as.graphicsAnnot(x$label), x$x, x$y, :
     font family not found in Windows font database
    Warning in grid.Call.graphics(C_text, as.graphicsAnnot(x$label), x$x, x$y, :
     font family not found in Windows font database
    Warning in grid.Call.graphics(C_text, as.graphicsAnnot(x$label), x$x, x$y, :
     font family not found in Windows font database
    Warning in grid.Call.graphics(C_text, as.graphicsAnnot(x$label), x$x, x$y, :
     font family not found in Windows font database
    Warning in grid.Call.graphics(C_text, as.graphicsAnnot(x$label), x$x, x$y, :
     font family not found in Windows font database
    Warning in grid.Call.graphics(C_text, as.graphicsAnnot(x$label), x$x, x$y, :
     font family not found in Windows font database
    Warning in grid.Call.graphics(C_text, as.graphicsAnnot(x$label), x$x, x$y, :
     font family not found in Windows font database
    Warning in grid.Call.graphics(C_text, as.graphicsAnnot(x$label), x$x, x$y, :
     font family not found in Windows font database
    Warning in grid.Call.graphics(C_text, as.graphicsAnnot(x$label), x$x, x$y, :
     font family not found in Windows font database
    Warning in grid.Call.graphics(C_text, as.graphicsAnnot(x$label), x$x, x$y, :
     font family not found in Windows font database
    Warning in grid.Call.graphics(C_text, as.graphicsAnnot(x$label), x$x, x$y, :
     font family not found in Windows font database
    Warning in grid.Call.graphics(C_text, as.graphicsAnnot(x$label), x$x, x$y, :
     font family not found in Windows font database
    Warning in grid.Call.graphics(C_text, as.graphicsAnnot(x$label), x$x, x$y, :
     font family not found in Windows font database
    Warning in grid.Call.graphics(C_text, as.graphicsAnnot(x$label), x$x, x$y, :
     font family not found in Windows font database
    Warning in grid.Call.graphics(C_text, as.graphicsAnnot(x$label), x$x, x$y, :
     font family not found in Windows font database
    Warning in grid.Call.graphics(C_text, as.graphicsAnnot(x$label), x$x, x$y, :
     font family not found in Windows font database
    Warning in grid.Call.graphics(C_text, as.graphicsAnnot(x$label), x$x, x$y, :
     font family not found in Windows font database
    Warning in grid.Call.graphics(C_text, as.graphicsAnnot(x$label), x$x, x$y, :
     font family not found in Windows font database
    Warning in grid.Call.graphics(C_text, as.graphicsAnnot(x$label), x$x, x$y, :
     font family not found in Windows font database
    Warning in grid.Call.graphics(C_text, as.graphicsAnnot(x$label), x$x, x$y, :
     font family not found in Windows font database
    Warning in grid.Call.graphics(C_text, as.graphicsAnnot(x$label), x$x, x$y, :
     font family not found in Windows font database
    Warning in grid.Call.graphics(C_text, as.graphicsAnnot(x$label), x$x, x$y, :
     font family not found in Windows font database
    Warning in grid.Call.graphics(C_text, as.graphicsAnnot(x$label), x$x, x$y, :
     font family not found in Windows font database
    Warning in grid.Call.graphics(C_text, as.graphicsAnnot(x$label), x$x, x$y, :
     font family not found in Windows font database
    Warning in grid.Call.graphics(C_text, as.graphicsAnnot(x$label), x$x, x$y, :
     font family not found in Windows font database
    Warning in grid.Call.graphics(C_text, as.graphicsAnnot(x$label), x$x, x$y, :
     font family not found in Windows font database
    Warning in grid.Call.graphics(C_text, as.graphicsAnnot(x$label), x$x, x$y, :
     font family not found in Windows font database
    Warning in grid.Call.graphics(C_text, as.graphicsAnnot(x$label), x$x, x$y, :
     font family not found in Windows font database
    Warning in grid.Call.graphics(C_text, as.graphicsAnnot(x$label), x$x, x$y, :
     font family not found in Windows font database
    Warning in grid.Call.graphics(C_text, as.graphicsAnnot(x$label), x$x, x$y, :
     font family not found in Windows font database
    Warning in grid.Call.graphics(C_text, as.graphicsAnnot(x$label), x$x, x$y, :
     font family not found in Windows font database
    Warning in grid.Call.graphics(C_text, as.graphicsAnnot(x$label), x$x, x$y, :
     font family not found in Windows font database
    Warning in grid.Call.graphics(C_text, as.graphicsAnnot(x$label), x$x, x$y, :
     font family not found in Windows font database
    Warning in grid.Call.graphics(C_text, as.graphicsAnnot(x$label), x$x, x$y, :
     font family not found in Windows font database
    Warning in grid.Call.graphics(C_text, as.graphicsAnnot(x$label), x$x, x$y, :
     font family not found in Windows font database
    Warning in grid.Call.graphics(C_text, as.graphicsAnnot(x$label), x$x, x$y, :
     font family not found in Windows font database
    Warning in grid.Call.graphics(C_text, as.graphicsAnnot(x$label), x$x, x$y, :
     font family not found in Windows font database
    Warning in grid.Call.graphics(C_text, as.graphicsAnnot(x$label), x$x, x$y, :
     font family not found in Windows font database
    Warning in grid.Call.graphics(C_text, as.graphicsAnnot(x$label), x$x, x$y, :
     font family not found in Windows font database
    Warning in grid.Call.graphics(C_text, as.graphicsAnnot(x$label), x$x, x$y, :
     font family not found in Windows font database
    Warning in grid.Call.graphics(C_text, as.graphicsAnnot(x$label), x$x, x$y, :
     font family not found in Windows font database
    Warning in grid.Call.graphics(C_text, as.graphicsAnnot(x$label), x$x, x$y, :
     font family not found in Windows font database
    Warning in grid.Call.graphics(C_text, as.graphicsAnnot(x$label), x$x, x$y, :
     font family not found in Windows font database
    Warning in grid.Call.graphics(C_text, as.graphicsAnnot(x$label), x$x, x$y, :
     font family not found in Windows font database
    Warning in grid.Call.graphics(C_text, as.graphicsAnnot(x$label), x$x, x$y, :
     font family not found in Windows font database
    Warning in grid.Call.graphics(C_text, as.graphicsAnnot(x$label), x$x, x$y, :
     font family not found in Windows font database
    Warning in grid.Call.graphics(C_text, as.graphicsAnnot(x$label), x$x, x$y, :
     font family not found in Windows font database
    Warning in grid.Call.graphics(C_text, as.graphicsAnnot(x$label), x$x, x$y, :
     font family not found in Windows font database
    Warning in grid.Call.graphics(C_text, as.graphicsAnnot(x$label), x$x, x$y, :
     font family not found in Windows font database
    Warning in grid.Call.graphics(C_text, as.graphicsAnnot(x$label), x$x, x$y, :
     font family not found in Windows font database
    Warning in grid.Call.graphics(C_text, as.graphicsAnnot(x$label), x$x, x$y, :
     font family not found in Windows font database
    Warning in grid.Call.graphics(C_text, as.graphicsAnnot(x$label), x$x, x$y, :
     font family not found in Windows font database
    Warning in grid.Call.graphics(C_text, as.graphicsAnnot(x$label), x$x, x$y, :
     font family not found in Windows font database
    Warning in grid.Call.graphics(C_text, as.graphicsAnnot(x$label), x$x, x$y, :
     font family not found in Windows font database
    Warning in grid.Call.graphics(C_text, as.graphicsAnnot(x$label), x$x, x$y, :
     font family not found in Windows font database
    Warning in grid.Call.graphics(C_text, as.graphicsAnnot(x$label), x$x, x$y, :
     font family not found in Windows font database
    Warning in grid.Call.graphics(C_text, as.graphicsAnnot(x$label), x$x, x$y, :
     font family not found in Windows font database
    Warning in grid.Call.graphics(C_text, as.graphicsAnnot(x$label), x$x, x$y, :
     font family not found in Windows font database
    Warning in grid.Call.graphics(C_text, as.graphicsAnnot(x$label), x$x, x$y, :
     font family not found in Windows font database
    Warning in grid.Call.graphics(C_text, as.graphicsAnnot(x$label), x$x, x$y, :
     font family not found in Windows font database
    Warning in grid.Call.graphics(C_text, as.graphicsAnnot(x$label), x$x, x$y, :
     font family not found in Windows font database
    Warning in grid.Call.graphics(C_text, as.graphicsAnnot(x$label), x$x, x$y, :
     font family not found in Windows font database
    Warning in grid.Call.graphics(C_text, as.graphicsAnnot(x$label), x$x, x$y, :
     font family not found in Windows font database
    Warning in grid.Call.graphics(C_text, as.graphicsAnnot(x$label), x$x, x$y, :
     font family not found in Windows font database
    Warning in grid.Call.graphics(C_text, as.graphicsAnnot(x$label), x$x, x$y, :
     font family not found in Windows font database
    Warning in grid.Call.graphics(C_text, as.graphicsAnnot(x$label), x$x, x$y, :
     font family not found in Windows font database
    Warning in grid.Call.graphics(C_text, as.graphicsAnnot(x$label), x$x, x$y, :
     font family not found in Windows font database
    Warning in grid.Call.graphics(C_text, as.graphicsAnnot(x$label), x$x, x$y, :
     font family not found in Windows font database
    Warning in grid.Call.graphics(C_text, as.graphicsAnnot(x$label), x$x, x$y, :
     font family not found in Windows font database
    Warning in grid.Call.graphics(C_text, as.graphicsAnnot(x$label), x$x, x$y, :
     font family not found in Windows font database
    Warning in grid.Call.graphics(C_text, as.graphicsAnnot(x$label), x$x, x$y, :
     font family not found in Windows font database
    Warning in grid.Call.graphics(C_text, as.graphicsAnnot(x$label), x$x, x$y, :
     font family not found in Windows font database
    Warning in grid.Call.graphics(C_text, as.graphicsAnnot(x$label), x$x, x$y, :
     font family not found in Windows font database
    Warning in grid.Call.graphics(C_text, as.graphicsAnnot(x$label), x$x, x$y, :
     font family not found in Windows font database
    Warning in grid.Call.graphics(C_text, as.graphicsAnnot(x$label), x$x, x$y, :
     font family not found in Windows font database
    Warning in grid.Call.graphics(C_text, as.graphicsAnnot(x$label), x$x, x$y, :
     font family not found in Windows font database
    Warning in grid.Call.graphics(C_text, as.graphicsAnnot(x$label), x$x, x$y, :
     font family not found in Windows font database
    Warning in grid.Call.graphics(C_text, as.graphicsAnnot(x$label), x$x, x$y, :
     font family not found in Windows font database
    Warning in grid.Call.graphics(C_text, as.graphicsAnnot(x$label), x$x, x$y, :
     font family not found in Windows font database
    Warning in grid.Call.graphics(C_text, as.graphicsAnnot(x$label), x$x, x$y, :
     font family not found in Windows font database
    Warning in grid.Call.graphics(C_text, as.graphicsAnnot(x$label), x$x, x$y, :
     font family not found in Windows font database
    Warning in grid.Call.graphics(C_text, as.graphicsAnnot(x$label), x$x, x$y, :
     font family not found in Windows font database
    Warning in grid.Call.graphics(C_text, as.graphicsAnnot(x$label), x$x, x$y, :
     font family not found in Windows font database
    Warning in grid.Call(C_textBounds, as.graphicsAnnot(x$label), x$x, x$y, :
     font family not found in Windows font database
    Warning in grid.Call.graphics(C_text, as.graphicsAnnot(x$label), x$x, x$y, :
     font family not found in Windows font database
    Warning in grid.Call(C_textBounds, as.graphicsAnnot(x$label), x$x, x$y, :
     font family not found in Windows font database
    Warning in grid.Call.graphics(C_text, as.graphicsAnnot(x$label), x$x, x$y, :
     font family not found in Windows font database
    Warning in grid.Call.graphics(C_text, as.graphicsAnnot(x$label), x$x, x$y, :
     font family not found in Windows font database
    Warning in grid.Call.graphics(C_text, as.graphicsAnnot(x$label), x$x, x$y, :
     font family not found in Windows font database
    Warning in grid.Call.graphics(C_text, as.graphicsAnnot(x$label), x$x, x$y, :
     font family not found in Windows font database
    Warning in grid.Call.graphics(C_text, as.graphicsAnnot(x$label), x$x, x$y, :
     font family not found in Windows font database
    Warning in grid.Call.graphics(C_text, as.graphicsAnnot(x$label), x$x, x$y, :
     font family not found in Windows font database
    Warning in grid.Call.graphics(C_text, as.graphicsAnnot(x$label), x$x, x$y, :
     font family not found in Windows font database
    Warning in grid.Call.graphics(C_text, as.graphicsAnnot(x$label), x$x, x$y, :
     font family not found in Windows font database
    Warning in grid.Call(C_textBounds, as.graphicsAnnot(x$label), x$x, x$y, :
     font family not found in Windows font database
    Warning in grid.Call(C_textBounds, as.graphicsAnnot(x$label), x$x, x$y, :
     font family not found in Windows font database
    Warning in grid.Call(C_textBounds, as.graphicsAnnot(x$label), x$x, x$y, :
     font family not found in Windows font database
    Warning in grid.Call(C_textBounds, as.graphicsAnnot(x$label), x$x, x$y, :
     font family not found in Windows font database
    Warning in grid.Call(C_textBounds, as.graphicsAnnot(x$label), x$x, x$y, :
     font family not found in Windows font database
    Warning in grid.Call(C_textBounds, as.graphicsAnnot(x$label), x$x, x$y, :
     font family not found in Windows font database
    Warning in grid.Call(C_textBounds, as.graphicsAnnot(x$label), x$x, x$y, :
     font family not found in Windows font database
    Warning in grid.Call(C_textBounds, as.graphicsAnnot(x$label), x$x, x$y, :
     font family not found in Windows font database
    Warning in grid.Call(C_textBounds, as.graphicsAnnot(x$label), x$x, x$y, :
     font family not found in Windows font database
    Warning in grid.Call(C_textBounds, as.graphicsAnnot(x$label), x$x, x$y, :
     font family not found in Windows font database
    Warning in grid.Call(C_textBounds, as.graphicsAnnot(x$label), x$x, x$y, :
     font family not found in Windows font database
    Warning in grid.Call(C_textBounds, as.graphicsAnnot(x$label), x$x, x$y, :
     font family not found in Windows font database
    Warning in grid.Call(C_textBounds, as.graphicsAnnot(x$label), x$x, x$y, :
     font family not found in Windows font database
    Warning in grid.Call(C_textBounds, as.graphicsAnnot(x$label), x$x, x$y, :
     font family not found in Windows font database
    Warning in grid.Call(C_textBounds, as.graphicsAnnot(x$label), x$x, x$y, :
     font family not found in Windows font database
    Warning in grid.Call(C_textBounds, as.graphicsAnnot(x$label), x$x, x$y, :
     font family not found in Windows font database
    Warning in grid.Call(C_textBounds, as.graphicsAnnot(x$label), x$x, x$y, :
     font family not found in Windows font database
    Warning in grid.Call(C_textBounds, as.graphicsAnnot(x$label), x$x, x$y, :
     font family not found in Windows font database
    Warning in grid.Call(C_textBounds, as.graphicsAnnot(x$label), x$x, x$y, :
     font family not found in Windows font database
    Warning in grid.Call(C_textBounds, as.graphicsAnnot(x$label), x$x, x$y, :
     font family not found in Windows font database
    Warning in grid.Call(C_textBounds, as.graphicsAnnot(x$label), x$x, x$y, :
     font family not found in Windows font database
    Warning in grid.Call(C_textBounds, as.graphicsAnnot(x$label), x$x, x$y, :
     font family not found in Windows font database
    Warning in grid.Call(C_textBounds, as.graphicsAnnot(x$label), x$x, x$y, :
     font family not found in Windows font database
    Warning in grid.Call(C_textBounds, as.graphicsAnnot(x$label), x$x, x$y, :
     font family not found in Windows font database
    Warning in grid.Call(C_textBounds, as.graphicsAnnot(x$label), x$x, x$y, :
     font family not found in Windows font database
    Warning in grid.Call(C_textBounds, as.graphicsAnnot(x$label), x$x, x$y, :
     font family not found in Windows font database
    Warning in grid.Call(C_textBounds, as.graphicsAnnot(x$label), x$x, x$y, :
     font family not found in Windows font database
    Warning in grid.Call(C_textBounds, as.graphicsAnnot(x$label), x$x, x$y, :
     font family not found in Windows font database
    Warning in grid.Call(C_textBounds, as.graphicsAnnot(x$label), x$x, x$y, :
     font family not found in Windows font database
    Warning in grid.Call(C_textBounds, as.graphicsAnnot(x$label), x$x, x$y, :
     font family not found in Windows font database
    Warning in grid.Call(C_textBounds, as.graphicsAnnot(x$label), x$x, x$y, :
     font family not found in Windows font database
    Warning in grid.Call(C_textBounds, as.graphicsAnnot(x$label), x$x, x$y, :
     font family not found in Windows font database
    Warning in grid.Call(C_textBounds, as.graphicsAnnot(x$label), x$x, x$y, :
     font family not found in Windows font database
    Warning in grid.Call(C_textBounds, as.graphicsAnnot(x$label), x$x, x$y, :
     font family not found in Windows font database
    Warning in grid.Call(C_textBounds, as.graphicsAnnot(x$label), x$x, x$y, :
     font family not found in Windows font database
    Warning in grid.Call(C_textBounds, as.graphicsAnnot(x$label), x$x, x$y, :
     font family not found in Windows font database
    Warning in grid.Call(C_textBounds, as.graphicsAnnot(x$label), x$x, x$y, :
     font family not found in Windows font database
    Warning in grid.Call(C_textBounds, as.graphicsAnnot(x$label), x$x, x$y, :
     font family not found in Windows font database
    Warning in grid.Call(C_textBounds, as.graphicsAnnot(x$label), x$x, x$y, :
     font family not found in Windows font database
    Warning in grid.Call(C_textBounds, as.graphicsAnnot(x$label), x$x, x$y, :
     font family not found in Windows font database
    Warning in grid.Call(C_textBounds, as.graphicsAnnot(x$label), x$x, x$y, :
     font family not found in Windows font database
    Warning in grid.Call(C_textBounds, as.graphicsAnnot(x$label), x$x, x$y, :
     font family not found in Windows font database
    Warning in grid.Call(C_textBounds, as.graphicsAnnot(x$label), x$x, x$y, :
     font family not found in Windows font database
    Warning in grid.Call(C_textBounds, as.graphicsAnnot(x$label), x$x, x$y, :
     font family not found in Windows font database
    Warning in grid.Call(C_textBounds, as.graphicsAnnot(x$label), x$x, x$y, :
     font family not found in Windows font database
    Warning in grid.Call(C_textBounds, as.graphicsAnnot(x$label), x$x, x$y, :
     font family not found in Windows font database
    Warning in grid.Call(C_textBounds, as.graphicsAnnot(x$label), x$x, x$y, :
     font family not found in Windows font database
    Warning in grid.Call(C_textBounds, as.graphicsAnnot(x$label), x$x, x$y, :
     font family not found in Windows font database
    Warning in grid.Call(C_textBounds, as.graphicsAnnot(x$label), x$x, x$y, :
     font family not found in Windows font database
    Warning in grid.Call(C_textBounds, as.graphicsAnnot(x$label), x$x, x$y, :
     font family not found in Windows font database
    Warning in grid.Call(C_textBounds, as.graphicsAnnot(x$label), x$x, x$y, :
     font family not found in Windows font database
    Warning in grid.Call(C_textBounds, as.graphicsAnnot(x$label), x$x, x$y, :
     font family not found in Windows font database
    Warning in grid.Call(C_textBounds, as.graphicsAnnot(x$label), x$x, x$y, :
     font family not found in Windows font database
    Warning in grid.Call(C_textBounds, as.graphicsAnnot(x$label), x$x, x$y, :
     font family not found in Windows font database
    Warning in grid.Call(C_textBounds, as.graphicsAnnot(x$label), x$x, x$y, :
     font family not found in Windows font database
    Warning in grid.Call(C_textBounds, as.graphicsAnnot(x$label), x$x, x$y, :
     font family not found in Windows font database
    Warning in grid.Call(C_textBounds, as.graphicsAnnot(x$label), x$x, x$y, :
     font family not found in Windows font database
    Warning in grid.Call(C_textBounds, as.graphicsAnnot(x$label), x$x, x$y, :
     font family not found in Windows font database
    Warning in grid.Call(C_textBounds, as.graphicsAnnot(x$label), x$x, x$y, :
     font family not found in Windows font database
    Warning in grid.Call(C_textBounds, as.graphicsAnnot(x$label), x$x, x$y, :
     font family not found in Windows font database
    Warning in grid.Call(C_textBounds, as.graphicsAnnot(x$label), x$x, x$y, :
     font family not found in Windows font database
    Warning in grid.Call(C_textBounds, as.graphicsAnnot(x$label), x$x, x$y, :
     font family not found in Windows font database
    Warning in grid.Call(C_textBounds, as.graphicsAnnot(x$label), x$x, x$y, :
     font family not found in Windows font database
    Warning in grid.Call(C_textBounds, as.graphicsAnnot(x$label), x$x, x$y, :
     font family not found in Windows font database
    Warning in grid.Call(C_textBounds, as.graphicsAnnot(x$label), x$x, x$y, :
     font family not found in Windows font database
    Warning in grid.Call(C_textBounds, as.graphicsAnnot(x$label), x$x, x$y, :
     font family not found in Windows font database
    Warning in grid.Call(C_textBounds, as.graphicsAnnot(x$label), x$x, x$y, :
     font family not found in Windows font database
    Warning in grid.Call(C_textBounds, as.graphicsAnnot(x$label), x$x, x$y, :
     font family not found in Windows font database
    Warning in grid.Call(C_textBounds, as.graphicsAnnot(x$label), x$x, x$y, :
     font family not found in Windows font database
    Warning in grid.Call(C_textBounds, as.graphicsAnnot(x$label), x$x, x$y, :
     font family not found in Windows font database
    Warning in grid.Call(C_textBounds, as.graphicsAnnot(x$label), x$x, x$y, :
     font family not found in Windows font database
    Warning in grid.Call(C_textBounds, as.graphicsAnnot(x$label), x$x, x$y, :
     font family not found in Windows font database
    Warning in grid.Call(C_textBounds, as.graphicsAnnot(x$label), x$x, x$y, :
     font family not found in Windows font database
    Warning in grid.Call(C_textBounds, as.graphicsAnnot(x$label), x$x, x$y, :
     font family not found in Windows font database
    Warning in grid.Call(C_textBounds, as.graphicsAnnot(x$label), x$x, x$y, :
     font family not found in Windows font database
    Warning in grid.Call.graphics(C_text, as.graphicsAnnot(x$label), x$x, x$y, :
     font family not found in Windows font database
    Warning in grid.Call.graphics(C_text, as.graphicsAnnot(x$label), x$x, x$y, :
     font family not found in Windows font database
    Warning in grid.Call.graphics(C_text, as.graphicsAnnot(x$label), x$x, x$y, :
     font family not found in Windows font database
    Warning in grid.Call.graphics(C_text, as.graphicsAnnot(x$label), x$x, x$y, :
     font family not found in Windows font database
    Warning in grid.Call.graphics(C_text, as.graphicsAnnot(x$label), x$x, x$y, :
     font family not found in Windows font database
    Warning in grid.Call.graphics(C_text, as.graphicsAnnot(x$label), x$x, x$y, :
     font family not found in Windows font database
    Warning in grid.Call.graphics(C_text, as.graphicsAnnot(x$label), x$x, x$y, :
     font family not found in Windows font database
    Warning in grid.Call.graphics(C_text, as.graphicsAnnot(x$label), x$x, x$y, :
     font family not found in Windows font database
    Warning in grid.Call.graphics(C_text, as.graphicsAnnot(x$label), x$x, x$y, :
     font family not found in Windows font database
    Warning in grid.Call.graphics(C_text, as.graphicsAnnot(x$label), x$x, x$y, :
     font family not found in Windows font database
    Warning in grid.Call.graphics(C_text, as.graphicsAnnot(x$label), x$x, x$y, :
     font family not found in Windows font database
    Warning in grid.Call.graphics(C_text, as.graphicsAnnot(x$label), x$x, x$y, :
     font family not found in Windows font database
    Warning in grid.Call.graphics(C_text, as.graphicsAnnot(x$label), x$x, x$y, :
     font family not found in Windows font database
    Warning in grid.Call.graphics(C_text, as.graphicsAnnot(x$label), x$x, x$y, :
     font family not found in Windows font database
    Warning in grid.Call.graphics(C_text, as.graphicsAnnot(x$label), x$x, x$y, :
     font family not found in Windows font database
    Warning in grid.Call.graphics(C_text, as.graphicsAnnot(x$label), x$x, x$y, :
     font family not found in Windows font database
    Warning in grid.Call.graphics(C_text, as.graphicsAnnot(x$label), x$x, x$y, :
     font family not found in Windows font database
    Warning in grid.Call.graphics(C_text, as.graphicsAnnot(x$label), x$x, x$y, :
     font family not found in Windows font database
    Warning in grid.Call.graphics(C_text, as.graphicsAnnot(x$label), x$x, x$y, :
     font family not found in Windows font database
    Warning in grid.Call.graphics(C_text, as.graphicsAnnot(x$label), x$x, x$y, :
     font family not found in Windows font database
    Warning in grid.Call.graphics(C_text, as.graphicsAnnot(x$label), x$x, x$y, :
     font family not found in Windows font database
    Warning in grid.Call.graphics(C_text, as.graphicsAnnot(x$label), x$x, x$y, :
     font family not found in Windows font database
    Warning in grid.Call.graphics(C_text, as.graphicsAnnot(x$label), x$x, x$y, :
     font family not found in Windows font database
    Warning in grid.Call.graphics(C_text, as.graphicsAnnot(x$label), x$x, x$y, :
     font family not found in Windows font database
    Warning in grid.Call.graphics(C_text, as.graphicsAnnot(x$label), x$x, x$y, :
     font family not found in Windows font database
    Warning in grid.Call.graphics(C_text, as.graphicsAnnot(x$label), x$x, x$y, :
     font family not found in Windows font database
    Warning in grid.Call.graphics(C_text, as.graphicsAnnot(x$label), x$x, x$y, :
     font family not found in Windows font database
    Warning in grid.Call.graphics(C_text, as.graphicsAnnot(x$label), x$x, x$y, :
     font family not found in Windows font database
    Warning in grid.Call(C_textBounds, as.graphicsAnnot(x$label), x$x, x$y, :
     font family not found in Windows font database
    Warning in grid.Call(C_textBounds, as.graphicsAnnot(x$label), x$x, x$y, :
     font family not found in Windows font database
    Warning in grid.Call.graphics(C_text, as.graphicsAnnot(x$label), x$x, x$y, :
     font family not found in Windows font database
    Warning in grid.Call(C_textBounds, as.graphicsAnnot(x$label), x$x, x$y, :
     font family not found in Windows font database
    Warning in grid.Call.graphics(C_text, as.graphicsAnnot(x$label), x$x, x$y, :
     font family not found in Windows font database
    Warning in grid.Call.graphics(C_text, as.graphicsAnnot(x$label), x$x, x$y, :
     font family not found in Windows font database
    Warning in grid.Call.graphics(C_text, as.graphicsAnnot(x$label), x$x, x$y, :
     font family not found in Windows font database
    Warning in grid.Call.graphics(C_text, as.graphicsAnnot(x$label), x$x, x$y, :
     font family not found in Windows font database
    Warning in grid.Call.graphics(C_text, as.graphicsAnnot(x$label), x$x, x$y, :
     font family not found in Windows font database
    Warning in grid.Call.graphics(C_text, as.graphicsAnnot(x$label), x$x, x$y, :
     font family not found in Windows font database
    Warning in grid.Call.graphics(C_text, as.graphicsAnnot(x$label), x$x, x$y, :
     font family not found in Windows font database
    Warning in grid.Call.graphics(C_text, as.graphicsAnnot(x$label), x$x, x$y, :
     font family not found in Windows font database
    Warning in grid.Call.graphics(C_text, as.graphicsAnnot(x$label), x$x, x$y, :
     font family not found in Windows font database
    Warning in grid.Call.graphics(C_text, as.graphicsAnnot(x$label), x$x, x$y, :
     font family not found in Windows font database
    Warning in grid.Call.graphics(C_text, as.graphicsAnnot(x$label), x$x, x$y, :
     font family not found in Windows font database
    Warning in grid.Call.graphics(C_text, as.graphicsAnnot(x$label), x$x, x$y, :
     font family not found in Windows font database
    Warning in grid.Call.graphics(C_text, as.graphicsAnnot(x$label), x$x, x$y, :
     font family not found in Windows font database
    Warning in grid.Call.graphics(C_text, as.graphicsAnnot(x$label), x$x, x$y, :
     font family not found in Windows font database
    Warning in grid.Call.graphics(C_text, as.graphicsAnnot(x$label), x$x, x$y, :
     font family not found in Windows font database
    Warning in grid.Call.graphics(C_text, as.graphicsAnnot(x$label), x$x, x$y, :
     font family not found in Windows font database
    Warning in grid.Call.graphics(C_text, as.graphicsAnnot(x$label), x$x, x$y, :
     font family not found in Windows font database
    Warning in grid.Call.graphics(C_text, as.graphicsAnnot(x$label), x$x, x$y, :
     font family not found in Windows font database
    Warning in grid.Call.graphics(C_text, as.graphicsAnnot(x$label), x$x, x$y, :
     font family not found in Windows font database
    Warning in grid.Call.graphics(C_text, as.graphicsAnnot(x$label), x$x, x$y, :
     font family not found in Windows font database
    Warning in grid.Call.graphics(C_text, as.graphicsAnnot(x$label), x$x, x$y, :
     font family not found in Windows font database
    Warning in grid.Call.graphics(C_text, as.graphicsAnnot(x$label), x$x, x$y, :
     font family not found in Windows font database
    Warning in grid.Call.graphics(C_text, as.graphicsAnnot(x$label), x$x, x$y, :
     font family not found in Windows font database
    Warning in grid.Call.graphics(C_text, as.graphicsAnnot(x$label), x$x, x$y, :
     font family not found in Windows font database
    Warning in grid.Call.graphics(C_text, as.graphicsAnnot(x$label), x$x, x$y, :
     font family not found in Windows font database
    Warning in grid.Call.graphics(C_text, as.graphicsAnnot(x$label), x$x, x$y, :
     font family not found in Windows font database
    Warning in grid.Call.graphics(C_text, as.graphicsAnnot(x$label), x$x, x$y, :
     font family not found in Windows font database
    Warning in grid.Call.graphics(C_text, as.graphicsAnnot(x$label), x$x, x$y, :
     font family not found in Windows font database
    Warning in grid.Call(C_textBounds, as.graphicsAnnot(x$label), x$x, x$y, :
     font family not found in Windows font database
    Warning in grid.Call(C_textBounds, as.graphicsAnnot(x$label), x$x, x$y, :
     font family not found in Windows font database
    Warning in grid.Call.graphics(C_text, as.graphicsAnnot(x$label), x$x, x$y, :
     font family not found in Windows font database
    
    Attaching package: 'gridExtra'
    
    The following object is masked from 'package:dplyr':
    
     combine
    
    Warning in grid.Call(C_textBounds, as.graphicsAnnot(x$label), x$x, x$y, :
     font family not found in Windows font database
    Warning in grid.Call(C_textBounds, as.graphicsAnnot(x$label), x$x, x$y, :
     font family not found in Windows font database
    Warning in grid.Call(C_textBounds, as.graphicsAnnot(x$label), x$x, x$y, :
     font family not found in Windows font database
    Warning in grid.Call(C_textBounds, as.graphicsAnnot(x$label), x$x, x$y, :
     font family not found in Windows font database
    Warning in grid.Call(C_textBounds, as.graphicsAnnot(x$label), x$x, x$y, :
     font family not found in Windows font database
    Warning in grid.Call(C_textBounds, as.graphicsAnnot(x$label), x$x, x$y, :
     font family not found in Windows font database
    Warning in grid.Call.graphics(C_text, as.graphicsAnnot(x$label), x$x, x$y, :
     font family not found in Windows font database
    Warning in grid.Call(C_textBounds, as.graphicsAnnot(x$label), x$x, x$y, :
     font family not found in Windows font database
    Warning in grid.Call(C_textBounds, as.graphicsAnnot(x$label), x$x, x$y, :
     font family not found in Windows font database
    Warning in grid.Call(C_textBounds, as.graphicsAnnot(x$label), x$x, x$y, :
     font family not found in Windows font database
    Warning in grid.Call.graphics(C_text, as.graphicsAnnot(x$label), x$x, x$y, :
     font family not found in Windows font database
    Warning in grid.Call(C_textBounds, as.graphicsAnnot(x$label), x$x, x$y, :
     font family not found in Windows font database
    Warning in grid.Call.graphics(C_text, as.graphicsAnnot(x$label), x$x, x$y, :
     font family not found in Windows font database
    Warning in grid.Call(C_textBounds, as.graphicsAnnot(x$label), x$x, x$y, :
     font family not found in Windows font database
    Warning in grid.Call(C_textBounds, as.graphicsAnnot(x$label), x$x, x$y, :
     font family not found in Windows font database
    Warning in grid.Call(C_textBounds, as.graphicsAnnot(x$label), x$x, x$y, :
     font family not found in Windows font database
    Warning in grid.Call.graphics(C_text, as.graphicsAnnot(x$label), x$x, x$y, :
     font family not found in Windows font database
    pandoc-citeproc: reference stanreg not found
    pandoc-citeproc: reference brms not found
    --- finished re-building 'using_ggmcmc.Rmd'
    
    --- re-building 'v70i09.Rnw' using knitr
    Quitting from lines 168-169 (v70i09.Rnw)
    Error: processing vignette 'v70i09.Rnw' failed with diagnostics:
    could not find function "ggs"
    --- failed re-building 'v70i09.Rnw'
    
    SUMMARY: processing the following file failed:
     'v70i09.Rnw'
    
    Error: Vignette re-building failed.
    Execution halted
Flavor: r-devel-windows-ix86+x86_64

Version: 1.1
Check: re-building of vignette outputs
Result: WARN
    Error in re-building vignettes:
     ...
     no font could be found for family "Source Sans Pro"
    Warning in grid.Call(C_textBounds, as.graphicsAnnot(x$label), x$x, x$y, :
     no font could be found for family "Source Sans Pro"
    Warning in grid.Call(C_textBounds, as.graphicsAnnot(x$label), x$x, x$y, :
     no font could be found for family "Source Sans Pro"
    Warning in grid.Call(C_textBounds, as.graphicsAnnot(x$label), x$x, x$y, :
     no font could be found for family "Source Sans Pro"
    Warning in grid.Call(C_textBounds, as.graphicsAnnot(x$label), x$x, x$y, :
     no font could be found for family "Source Sans Pro"
    Warning in grid.Call(C_textBounds, as.graphicsAnnot(x$label), x$x, x$y, :
     no font could be found for family "Source Sans Pro"
    Warning in grid.Call(C_textBounds, as.graphicsAnnot(x$label), x$x, x$y, :
     no font could be found for family "Source Sans Pro"
    Warning in grid.Call(C_textBounds, as.graphicsAnnot(x$label), x$x, x$y, :
     no font could be found for family "Source Sans Pro"
    Warning in grid.Call(C_textBounds, as.graphicsAnnot(x$label), x$x, x$y, :
     no font could be found for family "Source Sans Pro"
    Warning in grid.Call(C_textBounds, as.graphicsAnnot(x$label), x$x, x$y, :
     no font could be found for family "Source Sans Pro"
    Warning in grid.Call(C_textBounds, as.graphicsAnnot(x$label), x$x, x$y, :
     no font could be found for family "Source Sans Pro"
    Quitting from lines 142-143 (using_ggmcmc.Rmd)
    Error: processing vignette 'using_ggmcmc.Rmd' failed with diagnostics:
    polygon edge not found
    Execution halted
Flavors: r-release-osx-x86_64, r-oldrel-osx-x86_64

Version: 1.1
Check: package dependencies
Result: NOTE
    Package suggested but not available for checking: ‘Cairo’
Flavor: r-oldrel-osx-x86_64