Last updated on 2019-01-19 00:46:27 CET.
Flavor | Version | Tinstall | Tcheck | Ttotal | Status | Flags |
---|---|---|---|---|---|---|
r-devel-linux-x86_64-debian-clang | 3.1.0 | 18.22 | 363.70 | 381.92 | OK | |
r-devel-linux-x86_64-debian-gcc | 3.1.0 | 16.12 | 267.51 | 283.63 | OK | |
r-devel-linux-x86_64-fedora-clang | 3.1.0 | 447.88 | NOTE | |||
r-devel-linux-x86_64-fedora-gcc | 3.1.0 | 421.11 | NOTE | |||
r-devel-windows-ix86+x86_64 | 3.1.0 | 36.00 | 451.00 | 487.00 | OK | |
r-patched-linux-x86_64 | 3.1.0 | 14.83 | 338.56 | 353.39 | OK | |
r-patched-solaris-x86 | 3.1.0 | 526.10 | NOTE | |||
r-release-linux-x86_64 | 3.1.0 | 15.48 | 338.36 | 353.84 | OK | |
r-release-windows-ix86+x86_64 | 3.1.0 | 35.00 | 460.00 | 495.00 | OK | |
r-release-osx-x86_64 | 3.1.0 | NOTE | ||||
r-oldrel-windows-ix86+x86_64 | 3.1.0 | 25.00 | 516.00 | 541.00 | OK | |
r-oldrel-osx-x86_64 | 3.1.0 | NOTE |
Version: 3.1.0
Check: dependencies in R code
Result: NOTE
Namespaces in Imports field not imported from:
‘mgcv’ ‘reshape2’ ‘viridisLite’
All declared Imports should be used.
Flavors: r-devel-linux-x86_64-fedora-clang, r-devel-linux-x86_64-fedora-gcc, r-patched-solaris-x86, r-release-osx-x86_64, r-oldrel-osx-x86_64