CRAN Package Check Results for Package gmnl

Last updated on 2019-01-19 00:46:27 CET.

Flavor Version Tinstall Tcheck Ttotal Status Flags
r-devel-linux-x86_64-debian-clang 1.1-3.1 6.71 72.41 79.12 OK
r-devel-linux-x86_64-debian-gcc 1.1-3.1 6.75 55.36 62.11 OK
r-devel-linux-x86_64-fedora-clang 1.1-3.1 93.35 OK
r-devel-linux-x86_64-fedora-gcc 1.1-3.1 87.07 OK
r-devel-windows-ix86+x86_64 1.1-3.1 16.00 111.00 127.00 OK
r-patched-linux-x86_64 1.1-3.1 5.92 65.91 71.83 ERROR
r-patched-solaris-x86 1.1-3.1 134.70 OK
r-release-linux-x86_64 1.1-3.1 7.85 65.75 73.60 ERROR
r-release-windows-ix86+x86_64 1.1-3.1 16.00 110.00 126.00 OK
r-release-osx-x86_64 1.1-3.1 OK
r-oldrel-windows-ix86+x86_64 1.1-3.1 12.00 114.00 126.00 OK
r-oldrel-osx-x86_64 1.1-3.1 OK

Check Details

Version: 1.1-3.1
Check: examples
Result: ERROR
    Running examples in ‘gmnl-Ex.R’ failed
    The error most likely occurred in:
    
    > base::assign(".ptime", proc.time(), pos = "CheckExEnv")
    > ### Name: getSummary.gmnl
    > ### Title: Get Model Summaries for Use with "mtable"
    > ### Aliases: getSummary.gmnl
    >
    > ### ** Examples
    >
    > ## Estimate MNL models
    > data("TravelMode", package = "AER")
    > library(mlogit)
    > TM <- mlogit.data(TravelMode, choice = "choice", shape = "long",
    + alt.levels = c("air", "train", "bus", "car"), chid.var = "individual")
    >
    > mnl.1 <- gmnl(choice ~ wait + vcost + travel + gcost | 0, data = TM)
    > mnl.2 <- gmnl(choice ~ wait + vcost | 0, data = TM)
    >
    > ## Table
    > library(memisc)
    Loading required package: lattice
    Loading required package: MASS
    
    Attaching package: ‘memisc’
    
    The following objects are masked from ‘package:stats’:
    
     contr.sum, contr.treatment, contrasts
    
    The following object is masked from ‘package:base’:
    
     as.array
    
    > mtable("MNL 1"= mnl.1, "MNL 2" = mnl.2,
    + summary.stats = c("N", "Log-likelihood", "BIC", "AIC"))
    Error in UseMethod("getSummary") :
     no applicable method for 'getSummary' applied to an object of class "gmnl"
    Calls: mtable -> lapply -> FUN
    Execution halted
Flavors: r-patched-linux-x86_64, r-release-linux-x86_64