CRAN Package Check Results for Package gogarch

Last updated on 2019-01-19 00:46:27 CET.

Flavor Version Tinstall Tcheck Ttotal Status Flags
r-devel-linux-x86_64-debian-clang 0.7-2 10.07 50.29 60.36 NOTE
r-devel-linux-x86_64-debian-gcc 0.7-2 6.88 40.00 46.88 NOTE
r-devel-linux-x86_64-fedora-clang 0.7-2 68.95 NOTE
r-devel-linux-x86_64-fedora-gcc 0.7-2 63.60 NOTE
r-devel-windows-ix86+x86_64 0.7-2 18.00 83.00 101.00 NOTE
r-patched-linux-x86_64 0.7-2 6.32 47.88 54.20 NOTE
r-patched-solaris-x86 0.7-2 105.00 NOTE
r-release-linux-x86_64 0.7-2 6.90 47.72 54.62 NOTE
r-release-windows-ix86+x86_64 0.7-2 18.00 87.00 105.00 NOTE
r-release-osx-x86_64 0.7-2 NOTE
r-oldrel-windows-ix86+x86_64 0.7-2 12.00 61.00 73.00 NOTE
r-oldrel-osx-x86_64 0.7-2 NOTE

Check Details

Version: 0.7-2
Check: DESCRIPTION meta-information
Result: NOTE
    Malformed Description field: should contain one or more complete sentences.
Flavors: r-devel-linux-x86_64-debian-clang, r-devel-linux-x86_64-debian-gcc, r-devel-linux-x86_64-fedora-clang, r-devel-linux-x86_64-fedora-gcc, r-devel-windows-ix86+x86_64, r-patched-linux-x86_64, r-patched-solaris-x86, r-release-linux-x86_64, r-release-windows-ix86+x86_64, r-release-osx-x86_64, r-oldrel-windows-ix86+x86_64, r-oldrel-osx-x86_64

Version: 0.7-2
Check: dependencies in R code
Result: NOTE
    Packages in Depends field not imported from:
     ‘fGarch’ ‘fastICA’
     These packages need to be imported from (in the NAMESPACE file)
     for when this namespace is loaded but not attached.
Flavors: r-devel-linux-x86_64-debian-clang, r-devel-linux-x86_64-debian-gcc, r-devel-linux-x86_64-fedora-clang, r-devel-linux-x86_64-fedora-gcc, r-devel-windows-ix86+x86_64, r-patched-linux-x86_64, r-patched-solaris-x86, r-release-linux-x86_64, r-release-windows-ix86+x86_64, r-release-osx-x86_64, r-oldrel-windows-ix86+x86_64, r-oldrel-osx-x86_64

Version: 0.7-2
Check: R code for possible problems
Result: NOTE
    UprodR: no visible global function definition for ‘combn’
    goinit: no visible global function definition for ‘as.formula’
    ccor,GoGARCH : <anonymous>: no visible global function definition for
     ‘cov2cor’
    ccor,Gopredict : <anonymous>: no visible global function definition for
     ‘cov2cor’
    goest,Goestica: no visible global function definition for ‘fastICA’
    goest,Goestml: no visible global function definition for ‘nlminb’
    goest,Goestmm : <anonymous>: no visible global function definition for
     ‘combn’
    goest,Goestnls: no visible global function definition for ‘optim’
    show,Goinit: no visible global function definition for ‘head’
    show,Gopredict: no visible global function definition for ‘head’
    update,GoGARCH: no visible global function definition for
     ‘update.formula’
    update,Goestica: no visible global function definition for
     ‘update.formula’
    update,Goestml: no visible global function definition for
     ‘update.formula’
    update,Goestmm: no visible global function definition for
     ‘update.formula’
    update,Goestnls: no visible global function definition for
     ‘update.formula’
    Undefined global functions or variables:
     as.formula combn cov2cor fastICA head nlminb optim update.formula
    Consider adding
     importFrom("stats", "as.formula", "cov2cor", "nlminb", "optim",
     "update.formula")
     importFrom("utils", "combn", "head")
    to your NAMESPACE file.
Flavors: r-devel-linux-x86_64-debian-clang, r-devel-linux-x86_64-debian-gcc, r-devel-linux-x86_64-fedora-clang, r-devel-linux-x86_64-fedora-gcc, r-devel-windows-ix86+x86_64, r-patched-linux-x86_64, r-patched-solaris-x86, r-release-linux-x86_64, r-release-windows-ix86+x86_64, r-release-osx-x86_64, r-oldrel-windows-ix86+x86_64, r-oldrel-osx-x86_64