CRAN Package Check Results for Package gridsampler

Last updated on 2019-01-19 00:46:27 CET.

Flavor Version Tinstall Tcheck Ttotal Status Flags
r-devel-linux-x86_64-debian-clang 0.6 2.79 75.92 78.71 OK
r-devel-linux-x86_64-debian-gcc 0.6 1.63 56.43 58.06 OK
r-devel-linux-x86_64-fedora-clang 0.6 92.78 NOTE
r-devel-linux-x86_64-fedora-gcc 0.6 86.12 NOTE
r-devel-windows-ix86+x86_64 0.6 12.00 131.00 143.00 OK
r-patched-linux-x86_64 0.6 2.12 71.04 73.16 OK
r-patched-solaris-x86 0.6 139.60 NOTE
r-release-linux-x86_64 0.6 2.75 71.61 74.36 OK
r-release-windows-ix86+x86_64 0.6 9.00 136.00 145.00 OK
r-release-osx-x86_64 0.6 NOTE
r-oldrel-windows-ix86+x86_64 0.6 9.00 100.00 109.00 OK
r-oldrel-osx-x86_64 0.6 NOTE

Check Details

Version: 0.6
Check: dependencies in R code
Result: NOTE
    Namespace in Imports field not imported from: ‘BiasedUrn’
     All declared Imports should be used.
Flavors: r-devel-linux-x86_64-fedora-clang, r-devel-linux-x86_64-fedora-gcc, r-patched-solaris-x86, r-release-osx-x86_64, r-oldrel-osx-x86_64