Last updated on 2019-01-19 00:46:27 CET.
Flavor | Version | Tinstall | Tcheck | Ttotal | Status | Flags |
---|---|---|---|---|---|---|
r-devel-linux-x86_64-debian-clang | 0.2.4.1 | 235.94 | 142.81 | 378.75 | OK | |
r-devel-linux-x86_64-debian-gcc | 0.2.4.1 | 213.40 | 107.29 | 320.69 | OK | |
r-devel-linux-x86_64-fedora-clang | 0.2.4.1 | 551.79 | NOTE | |||
r-devel-linux-x86_64-fedora-gcc | 0.2.4.1 | 513.20 | NOTE | |||
r-devel-windows-ix86+x86_64 | 0.2.4.1 | 544.00 | 334.00 | 878.00 | OK | |
r-patched-linux-x86_64 | 0.2.4.1 | 265.74 | 132.47 | 398.21 | OK | |
r-patched-solaris-x86 | 0.2.4.1 | 475.30 | OK | |||
r-release-linux-x86_64 | 0.2.4.1 | 253.42 | 131.02 | 384.44 | OK | |
r-release-windows-ix86+x86_64 | 0.2.4.1 | 540.00 | 335.00 | 875.00 | OK | |
r-release-osx-x86_64 | 0.2.4.1 | NOTE | ||||
r-oldrel-windows-ix86+x86_64 | 0.2.4.1 | 556.00 | 266.00 | 822.00 | OK | |
r-oldrel-osx-x86_64 | 0.2.4.1 | NOTE |
Version: 0.2.4.1
Check: installed package size
Result: NOTE
installed size is 18.2Mb
sub-directories of 1Mb or more:
libs 17.5Mb
Flavors: r-devel-linux-x86_64-fedora-clang, r-release-osx-x86_64, r-oldrel-osx-x86_64
Version: 0.2.4.1
Check: compiled code
Result: NOTE
File ‘growcurves/libs/growcurves.so’:
Found no calls to: ‘R_registerRoutines’, ‘R_useDynamicSymbols’
It is good practice to register native routines and to disable symbol
search.
See ‘Writing portable packages’ in the ‘Writing R Extensions’ manual.
Flavors: r-devel-linux-x86_64-fedora-clang, r-devel-linux-x86_64-fedora-gcc