Last updated on 2019-01-19 00:46:28 CET.
Flavor | Version | Tinstall | Tcheck | Ttotal | Status | Flags |
---|---|---|---|---|---|---|
r-devel-linux-x86_64-debian-clang | 0.4.0 | 19.41 | 80.16 | 99.57 | OK | |
r-devel-linux-x86_64-debian-gcc | 0.4.0 | 17.40 | 62.82 | 80.22 | OK | |
r-devel-linux-x86_64-fedora-clang | 0.4.0 | 125.87 | NOTE | |||
r-devel-linux-x86_64-fedora-gcc | 0.4.0 | 116.83 | NOTE | |||
r-devel-windows-ix86+x86_64 | 0.4.0 | 50.00 | 178.00 | 228.00 | OK | |
r-patched-linux-x86_64 | 0.4.0 | 23.54 | 77.73 | 101.27 | OK | |
r-patched-solaris-x86 | 0.4.0 | 167.10 | OK | |||
r-release-linux-x86_64 | 0.4.0 | 23.44 | 75.61 | 99.05 | OK | |
r-release-windows-ix86+x86_64 | 0.4.0 | 47.00 | 186.00 | 233.00 | OK | |
r-release-osx-x86_64 | 0.4.0 | OK | ||||
r-oldrel-windows-ix86+x86_64 | 0.4.0 | 49.00 | 134.00 | 183.00 | OK | |
r-oldrel-osx-x86_64 | 0.4.0 | OK |
Version: 0.4.0
Check: compiled code
Result: NOTE
File ‘hit/libs/hit.so’:
Found no calls to: ‘R_registerRoutines’, ‘R_useDynamicSymbols’
It is good practice to register native routines and to disable symbol
search.
See ‘Writing portable packages’ in the ‘Writing R Extensions’ manual.
Flavors: r-devel-linux-x86_64-fedora-clang, r-devel-linux-x86_64-fedora-gcc